CRAN Package Check Results for Package robumeta

Last updated on 2018-11-24 00:51:22 CET.

Flavor Version Tinstall Tcheck Ttotal Status Flags
r-devel-linux-x86_64-debian-clang 2.0 2.33 26.60 28.93 OK
r-devel-linux-x86_64-debian-gcc 2.0 1.92 21.13 23.05 OK
r-devel-linux-x86_64-fedora-clang 2.0 36.69 NOTE
r-devel-linux-x86_64-fedora-gcc 2.0 34.31 NOTE
r-devel-windows-ix86+x86_64 2.0 7.00 55.00 62.00 OK
r-patched-linux-x86_64 2.0 2.43 24.89 27.32 OK
r-patched-solaris-x86 2.0 47.40 NOTE
r-release-linux-x86_64 2.0 2.13 25.51 27.64 OK
r-release-windows-ix86+x86_64 2.0 10.00 46.00 56.00 OK
r-release-osx-x86_64 2.0 NOTE
r-oldrel-windows-ix86+x86_64 2.0 7.00 53.00 60.00 OK
r-oldrel-osx-x86_64 2.0 NOTE

Check Details

Version: 2.0
Check: data for non-ASCII characters
Result: NOTE
     Note: found 6 marked UTF-8 strings
Flavors: r-devel-linux-x86_64-fedora-clang, r-devel-linux-x86_64-fedora-gcc, r-patched-solaris-x86, r-release-osx-x86_64, r-oldrel-osx-x86_64