Last updated on 2018-11-24 00:51:23 CET.
Flavor | Version | Tinstall | Tcheck | Ttotal | Status | Flags |
---|---|---|---|---|---|---|
r-devel-linux-x86_64-debian-clang | 1.7 | 12.25 | 45.43 | 57.68 | OK | |
r-devel-linux-x86_64-debian-gcc | 1.7 | 9.38 | 35.91 | 45.29 | OK | |
r-devel-linux-x86_64-fedora-clang | 1.7 | 70.27 | NOTE | |||
r-devel-linux-x86_64-fedora-gcc | 1.7 | 68.25 | NOTE | |||
r-devel-windows-ix86+x86_64 | 1.7 | 47.00 | 72.00 | 119.00 | OK | |
r-patched-linux-x86_64 | 1.7 | 11.03 | 44.21 | 55.24 | OK | |
r-patched-solaris-x86 | 1.7 | 102.20 | OK | |||
r-release-linux-x86_64 | 1.7 | 11.57 | 43.87 | 55.44 | OK | |
r-release-windows-ix86+x86_64 | 1.7 | 51.00 | 96.00 | 147.00 | OK | |
r-release-osx-x86_64 | 1.7 | OK | ||||
r-oldrel-windows-ix86+x86_64 | 1.7 | 29.00 | 69.00 | 98.00 | OK | |
r-oldrel-osx-x86_64 | 1.7 | OK |
Version: 1.7
Check: compiled code
Result: NOTE
File ‘rootSolve/libs/rootSolve.so’:
Found no calls to: ‘R_registerRoutines’, ‘R_useDynamicSymbols’
It is good practice to register native routines and to disable symbol
search.
See ‘Writing portable packages’ in the ‘Writing R Extensions’ manual.
Flavors: r-devel-linux-x86_64-fedora-clang, r-devel-linux-x86_64-fedora-gcc