Last updated on 2018-11-24 00:51:23 CET.
Flavor | Version | Tinstall | Tcheck | Ttotal | Status | Flags |
---|---|---|---|---|---|---|
r-devel-linux-x86_64-debian-clang | 0.3.0 | 1.53 | 28.30 | 29.83 | OK | |
r-devel-linux-x86_64-debian-gcc | 0.3.0 | 1.26 | 22.61 | 23.87 | OK | |
r-devel-linux-x86_64-fedora-clang | 0.3.0 | 35.39 | OK | |||
r-devel-linux-x86_64-fedora-gcc | 0.3.0 | 33.33 | OK | |||
r-devel-windows-ix86+x86_64 | 0.3.0 | 7.00 | 72.00 | 79.00 | OK | |
r-patched-linux-x86_64 | 0.3.0 | 1.56 | 26.34 | 27.90 | OK | |
r-patched-solaris-x86 | 0.3.0 | 52.40 | WARN | |||
r-release-linux-x86_64 | 0.3.0 | 1.55 | 26.83 | 28.38 | OK | |
r-release-windows-ix86+x86_64 | 0.3.0 | 7.00 | 65.00 | 72.00 | OK | |
r-release-osx-x86_64 | 0.3.0 | WARN | ||||
r-oldrel-windows-ix86+x86_64 | 0.3.0 | 7.00 | 71.00 | 78.00 | OK | |
r-oldrel-osx-x86_64 | 0.3.0 | WARN |
Version: 0.3.0
Check: re-building of vignette outputs
Result: WARN
Error in re-building vignettes:
...
Warning in engine$weave(file, quiet = quiet, encoding = enc) :
Pandoc (>= 1.12.3) and/or pandoc-citeproc not available. Falling back to R Markdown v1.
Warning in engine$weave(file, quiet = quiet, encoding = enc) :
Pandoc (>= 1.12.3) and/or pandoc-citeproc not available. Falling back to R Markdown v1.
Quitting from lines 51-53 (rpivotTableIntroduction.Rmd)
Error: processing vignette 'rpivotTableIntroduction.Rmd' failed with diagnostics:
there is no package called 'webshot'
Execution halted
Flavor: r-patched-solaris-x86
Version: 0.3.0
Check: re-building of vignette outputs
Result: WARN
Error in re-building vignettes:
...
Warning in engine$weave(file, quiet = quiet, encoding = enc) :
Pandoc (>= 1.12.3) and/or pandoc-citeproc not available. Falling back to R Markdown v1.
Warning in engine$weave(file, quiet = quiet, encoding = enc) :
Pandoc (>= 1.12.3) and/or pandoc-citeproc not available. Falling back to R Markdown v1.
Quitting from lines 51-53 (rpivotTableIntroduction.Rmd)
Error: processing vignette 'rpivotTableIntroduction.Rmd' failed with diagnostics:
cannot open the connection
Execution halted
Flavors: r-release-osx-x86_64, r-oldrel-osx-x86_64