CRAN Package Check Results for Package rredis

Last updated on 2018-11-24 00:51:23 CET.

Flavor Version Tinstall Tcheck Ttotal Status Flags
r-devel-linux-x86_64-debian-clang 1.7.0 3.28 31.90 35.18 OK
r-devel-linux-x86_64-debian-gcc 1.7.0 2.70 25.65 28.35 OK
r-devel-linux-x86_64-fedora-clang 1.7.0 42.55 NOTE
r-devel-linux-x86_64-fedora-gcc 1.7.0 40.99 NOTE
r-devel-windows-ix86+x86_64 1.7.0 12.00 53.00 65.00 OK
r-patched-linux-x86_64 1.7.0 2.93 30.49 33.42 OK
r-patched-solaris-x86 1.7.0 56.10 OK
r-release-linux-x86_64 1.7.0 3.28 30.66 33.94 OK
r-release-windows-ix86+x86_64 1.7.0 15.00 74.00 89.00 OK
r-release-osx-x86_64 1.7.0 OK
r-oldrel-windows-ix86+x86_64 1.7.0 9.00 60.00 69.00 OK
r-oldrel-osx-x86_64 1.7.0 OK

Check Details

Version: 1.7.0
Check: compiled code
Result: NOTE
    File ‘rredis/libs/rredis.so’:
     Found no calls to: ‘R_registerRoutines’, ‘R_useDynamicSymbols’
    
    It is good practice to register native routines and to disable symbol
    search.
    
    See ‘Writing portable packages’ in the ‘Writing R Extensions’ manual.
Flavors: r-devel-linux-x86_64-fedora-clang, r-devel-linux-x86_64-fedora-gcc