CRAN Package Check Results for Package rrr

Last updated on 2018-11-24 00:51:23 CET.

Flavor Version Tinstall Tcheck Ttotal Status Flags
r-devel-linux-x86_64-debian-clang 1.0.0 4.32 77.90 82.22 OK
r-devel-linux-x86_64-debian-gcc 1.0.0 4.06 59.48 63.54 OK
r-devel-linux-x86_64-fedora-clang 1.0.0 95.97 NOTE
r-devel-linux-x86_64-fedora-gcc 1.0.0 90.94 NOTE
r-devel-windows-ix86+x86_64 1.0.0 15.00 122.00 137.00 OK
r-patched-linux-x86_64 1.0.0 3.49 73.67 77.16 OK
r-patched-solaris-x86 1.0.0 138.00 NOTE
r-release-linux-x86_64 1.0.0 3.96 73.83 77.79 OK
r-release-windows-ix86+x86_64 1.0.0 15.00 132.00 147.00 OK
r-release-osx-x86_64 1.0.0 NOTE
r-oldrel-windows-ix86+x86_64 1.0.0 16.00 143.00 159.00 OK
r-oldrel-osx-x86_64 1.0.0 NOTE

Check Details

Version: 1.0.0
Check: dependencies in R code
Result: NOTE
    Namespace in Imports field not imported from: ‘Rcpp’
     All declared Imports should be used.
Flavors: r-devel-linux-x86_64-fedora-clang, r-devel-linux-x86_64-fedora-gcc, r-patched-solaris-x86, r-release-osx-x86_64, r-oldrel-osx-x86_64