CRAN Package Check Results for Package rubias

Last updated on 2018-11-24 00:51:24 CET.

Flavor Version Tinstall Tcheck Ttotal Status Flags
r-devel-linux-x86_64-debian-clang 0.1.0 64.50 222.92 287.42 OK
r-devel-linux-x86_64-debian-gcc 0.1.0 54.37 164.69 219.06 OK
r-devel-linux-x86_64-fedora-clang 0.1.0 365.92 NOTE
r-devel-linux-x86_64-fedora-gcc 0.1.0 389.02 NOTE
r-devel-windows-ix86+x86_64 0.1.0 149.00 352.00 501.00 OK
r-patched-linux-x86_64 0.1.0 75.70 244.70 320.40 OK
r-patched-solaris-x86 0.1.0 505.70 NOTE
r-release-linux-x86_64 0.1.0 67.00 239.64 306.64 OK
r-release-windows-ix86+x86_64 0.1.0 159.00 349.00 508.00 OK
r-release-osx-x86_64 0.1.0 NOTE
r-oldrel-windows-ix86+x86_64 0.1.0 164.00 357.00 521.00 OK
r-oldrel-osx-x86_64 0.1.0 NOTE

Check Details

Version: 0.1.0
Check: dependencies in R code
Result: NOTE
    Namespace in Imports field not imported from: ‘ggplot2’
     All declared Imports should be used.
Flavors: r-devel-linux-x86_64-fedora-clang, r-devel-linux-x86_64-fedora-gcc, r-patched-solaris-x86, r-release-osx-x86_64, r-oldrel-osx-x86_64