Last updated on 2018-11-24 00:51:24 CET.
Flavor | Version | Tinstall | Tcheck | Ttotal | Status | Flags |
---|---|---|---|---|---|---|
r-devel-linux-x86_64-debian-clang | 0.0-2 | 1.68 | 25.65 | 27.33 | OK | |
r-devel-linux-x86_64-debian-gcc | 0.0-2 | 1.35 | 21.07 | 22.42 | OK | |
r-devel-linux-x86_64-fedora-clang | 0.0-2 | 32.01 | OK | |||
r-devel-linux-x86_64-fedora-gcc | 0.0-2 | 30.93 | OK | |||
r-devel-windows-ix86+x86_64 | 0.0-2 | 6.00 | 62.00 | 68.00 | OK | |
r-patched-linux-x86_64 | 0.0-2 | 1.58 | 25.10 | 26.68 | OK | |
r-patched-solaris-x86 | 0.0-2 | 52.10 | OK | |||
r-release-linux-x86_64 | 0.0-2 | 1.37 | 24.97 | 26.34 | OK | |
r-release-windows-ix86+x86_64 | 0.0-2 | 6.00 | 63.00 | 69.00 | OK | |
r-release-osx-x86_64 | 0.0-2 | OK | ||||
r-oldrel-windows-ix86+x86_64 | 0.0-2 | 8.00 | 52.00 | 60.00 | OK | |
r-oldrel-osx-x86_64 | 0.0-2 | NOTE |
Version: 0.0-2
Check: package dependencies
Result: NOTE
Package which this enhances but not available for checking: ‘devtools’
Flavor: r-oldrel-osx-x86_64