Last updated on 2018-11-24 00:51:24 CET.
Flavor | Version | Tinstall | Tcheck | Ttotal | Status | Flags |
---|---|---|---|---|---|---|
r-devel-linux-x86_64-debian-clang | 1.01 | 1.41 | 17.33 | 18.74 | NOTE | |
r-devel-linux-x86_64-debian-gcc | 1.01 | 1.12 | 14.54 | 15.66 | NOTE | |
r-devel-linux-x86_64-fedora-clang | 1.01 | 22.42 | NOTE | |||
r-devel-linux-x86_64-fedora-gcc | 1.01 | 21.85 | NOTE | |||
r-devel-windows-ix86+x86_64 | 1.01 | 4.00 | 31.00 | 35.00 | NOTE | |
r-patched-linux-x86_64 | 1.01 | 1.04 | 16.91 | 17.95 | NOTE | |
r-patched-solaris-x86 | 1.01 | 35.80 | NOTE | |||
r-release-linux-x86_64 | 1.01 | 1.28 | 16.73 | 18.01 | NOTE | |
r-release-windows-ix86+x86_64 | 1.01 | 4.00 | 38.00 | 42.00 | NOTE | |
r-release-osx-x86_64 | 1.01 | NOTE | ||||
r-oldrel-windows-ix86+x86_64 | 1.01 | 4.00 | 36.00 | 40.00 | NOTE | |
r-oldrel-osx-x86_64 | 1.01 | NOTE |
Version: 1.01
Check: DESCRIPTION meta-information
Result: NOTE
Malformed Title field: should not end in a period.
Flavors: r-devel-linux-x86_64-debian-clang, r-devel-linux-x86_64-debian-gcc, r-devel-linux-x86_64-fedora-clang, r-devel-linux-x86_64-fedora-gcc, r-devel-windows-ix86+x86_64, r-patched-linux-x86_64, r-patched-solaris-x86, r-release-linux-x86_64, r-release-windows-ix86+x86_64, r-release-osx-x86_64, r-oldrel-windows-ix86+x86_64, r-oldrel-osx-x86_64
Version: 1.01
Check: installed package size
Result: NOTE
installed size is 5.1Mb
sub-directories of 1Mb or more:
data 5.0Mb
Flavors: r-devel-linux-x86_64-fedora-clang, r-devel-windows-ix86+x86_64, r-patched-solaris-x86, r-release-windows-ix86+x86_64, r-release-osx-x86_64, r-oldrel-windows-ix86+x86_64, r-oldrel-osx-x86_64