Last updated on 2018-11-24 00:51:24 CET.
Flavor | Version | Tinstall | Tcheck | Ttotal | Status | Flags |
---|---|---|---|---|---|---|
r-devel-linux-x86_64-debian-clang | 1.0.0 | 16.25 | 36.04 | 52.29 | OK | |
r-devel-linux-x86_64-debian-gcc | 1.0.0 | 14.74 | 29.57 | 44.31 | OK | |
r-devel-linux-x86_64-fedora-clang | 1.0.0 | 69.03 | NOTE | |||
r-devel-linux-x86_64-fedora-gcc | 1.0.0 | 65.10 | NOTE | |||
r-devel-windows-ix86+x86_64 | 1.0.0 | 43.00 | 93.00 | 136.00 | OK | |
r-patched-linux-x86_64 | 1.0.0 | 19.74 | 34.16 | 53.90 | OK | |
r-patched-solaris-x86 | 1.0.0 | 82.10 | NOTE | |||
r-release-linux-x86_64 | 1.0.0 | 18.69 | 34.30 | 52.99 | OK | |
r-release-windows-ix86+x86_64 | 1.0.0 | 47.00 | 95.00 | 142.00 | OK | |
r-release-osx-x86_64 | 1.0.0 | NOTE | ||||
r-oldrel-windows-ix86+x86_64 | 1.0.0 | 48.00 | 100.00 | 148.00 | OK | |
r-oldrel-osx-x86_64 | 1.0.0 | NOTE |
Version: 1.0.0
Check: dependencies in R code
Result: NOTE
Namespace in Imports field not imported from: ‘R6’
All declared Imports should be used.
Flavors: r-devel-linux-x86_64-fedora-clang, r-devel-linux-x86_64-fedora-gcc, r-patched-solaris-x86, r-release-osx-x86_64, r-oldrel-osx-x86_64