Last updated on 2018-11-24 00:51:24 CET.
Flavor | Version | Tinstall | Tcheck | Ttotal | Status | Flags |
---|---|---|---|---|---|---|
r-devel-linux-x86_64-debian-clang | 0.1.0 | 4.80 | 58.93 | 63.73 | OK | |
r-devel-linux-x86_64-debian-gcc | 0.1.0 | 3.59 | 46.07 | 49.66 | OK | |
r-devel-linux-x86_64-fedora-clang | 0.1.0 | 75.48 | NOTE | |||
r-devel-linux-x86_64-fedora-gcc | 0.1.0 | 71.11 | NOTE | |||
r-devel-windows-ix86+x86_64 | 0.1.0 | 16.00 | 99.00 | 115.00 | OK | |
r-patched-linux-x86_64 | 0.1.0 | 3.90 | 57.24 | 61.14 | OK | |
r-patched-solaris-x86 | 0.1.0 | 120.60 | NOTE | |||
r-release-linux-x86_64 | 0.1.0 | 4.30 | 56.81 | 61.11 | OK | |
r-release-windows-ix86+x86_64 | 0.1.0 | 13.00 | 109.00 | 122.00 | OK | |
r-release-osx-x86_64 | 0.1.0 | NOTE | ||||
r-oldrel-windows-ix86+x86_64 | 0.1.0 | 12.00 | 115.00 | 127.00 | OK | |
r-oldrel-osx-x86_64 | 0.1.0 | NOTE |
Version: 0.1.0
Check: dependencies in R code
Result: NOTE
Namespace in Imports field not imported from: ‘shazam’
All declared Imports should be used.
Flavors: r-devel-linux-x86_64-fedora-clang, r-devel-linux-x86_64-fedora-gcc, r-patched-solaris-x86, r-release-osx-x86_64, r-oldrel-osx-x86_64