Last updated on 2018-11-24 00:51:24 CET.
Flavor | Version | Tinstall | Tcheck | Ttotal | Status | Flags |
---|---|---|---|---|---|---|
r-devel-linux-x86_64-debian-clang | 0.9-11 | 5.32 | 31.59 | 36.91 | NOTE | |
r-devel-linux-x86_64-debian-gcc | 0.9-11 | 4.10 | 25.31 | 29.41 | NOTE | |
r-devel-linux-x86_64-fedora-clang | 0.9-11 | 42.00 | NOTE | |||
r-devel-linux-x86_64-fedora-gcc | 0.9-11 | 41.47 | NOTE | |||
r-devel-windows-ix86+x86_64 | 0.9-11 | 9.00 | 62.00 | 71.00 | NOTE | |
r-patched-linux-x86_64 | 0.9-11 | 4.54 | 30.48 | 35.02 | NOTE | |
r-patched-solaris-x86 | 0.9-11 | 71.80 | NOTE | |||
r-release-linux-x86_64 | 0.9-11 | 3.55 | 30.30 | 33.85 | NOTE | |
r-release-windows-ix86+x86_64 | 0.9-11 | 10.00 | 68.00 | 78.00 | NOTE | |
r-release-osx-x86_64 | 0.9-11 | NOTE | ||||
r-oldrel-windows-ix86+x86_64 | 0.9-11 | 6.00 | 78.00 | 84.00 | NOTE | |
r-oldrel-osx-x86_64 | 0.9-11 | NOTE |
Version: 0.9-11
Check: R code for possible problems
Result: NOTE
estimateTimeToComputeTargetDefinition: no visible global function
definition for ‘flush.console’
estimateTimeToComputeTargetDefinition: no visible global function
definition for ‘combn’
initialize,sdcTargetDefinitionClass: no visible global function
definition for ‘flush.console’
initialize,sdcTargetDefinitionClass: no visible global function
definition for ‘combn’
initialize,sdcTargetDefinitionClass: no visible global function
definition for ‘quantile’
initialize,sdcTargetMatrixClass: no visible global function definition
for ‘flush.console’
Undefined global functions or variables:
combn flush.console quantile
Consider adding
importFrom("stats", "quantile")
importFrom("utils", "combn", "flush.console")
to your NAMESPACE file.
Flavors: r-devel-linux-x86_64-debian-clang, r-devel-linux-x86_64-debian-gcc, r-devel-linux-x86_64-fedora-clang, r-devel-linux-x86_64-fedora-gcc, r-devel-windows-ix86+x86_64, r-patched-linux-x86_64, r-patched-solaris-x86, r-release-linux-x86_64, r-release-windows-ix86+x86_64, r-release-osx-x86_64, r-oldrel-windows-ix86+x86_64, r-oldrel-osx-x86_64