CRAN Package Check Results for Package segmag

Last updated on 2018-11-24 00:51:24 CET.

Flavor Version Tinstall Tcheck Ttotal Status Flags
r-devel-linux-x86_64-debian-clang 1.2.4 20.18 25.30 45.48 OK
r-devel-linux-x86_64-debian-gcc 1.2.4 15.03 20.71 35.74 OK
r-devel-linux-x86_64-fedora-clang 1.2.4 60.41 NOTE
r-devel-linux-x86_64-fedora-gcc 1.2.4 54.15 NOTE
r-devel-windows-ix86+x86_64 1.2.4 45.00 81.00 126.00 OK
r-patched-linux-x86_64 1.2.4 21.35 23.99 45.34 OK
r-patched-solaris-x86 1.2.4 68.00 OK
r-release-linux-x86_64 1.2.4 19.27 24.59 43.86 OK
r-release-windows-ix86+x86_64 1.2.4 47.00 80.00 127.00 OK
r-release-osx-x86_64 1.2.4 OK
r-oldrel-windows-ix86+x86_64 1.2.4 46.00 74.00 120.00 OK
r-oldrel-osx-x86_64 1.2.4 OK

Check Details

Version: 1.2.4
Check: compiled code
Result: NOTE
    File ‘segmag/libs/segmag.so’:
     Found no calls to: ‘R_registerRoutines’, ‘R_useDynamicSymbols’
    
    It is good practice to register native routines and to disable symbol
    search.
    
    See ‘Writing portable packages’ in the ‘Writing R Extensions’ manual.
Flavors: r-devel-linux-x86_64-fedora-clang, r-devel-linux-x86_64-fedora-gcc