CRAN Package Check Results for Package seqDesign

Last updated on 2018-11-24 00:51:25 CET.

Flavor Version Tinstall Tcheck Ttotal Status Flags
r-devel-linux-x86_64-debian-clang 1.1 5.08 77.71 82.79 NOTE
r-devel-linux-x86_64-debian-gcc 1.1 4.93 60.62 65.55 NOTE
r-devel-linux-x86_64-fedora-clang 1.1 98.82 NOTE
r-devel-linux-x86_64-fedora-gcc 1.1 96.89 NOTE
r-devel-windows-ix86+x86_64 1.1 13.00 111.00 124.00 NOTE
r-patched-linux-x86_64 1.1 6.54 74.21 80.75 NOTE
r-patched-solaris-x86 1.1 141.40 NOTE
r-release-linux-x86_64 1.1 5.41 75.50 80.91 NOTE
r-release-windows-ix86+x86_64 1.1 12.00 110.00 122.00 NOTE
r-release-osx-x86_64 1.1 NOTE
r-oldrel-windows-ix86+x86_64 1.1 10.00 115.00 125.00 NOTE
r-oldrel-osx-x86_64 1.1 WARN

Check Details

Version: 1.1
Check: R code for possible problems
Result: NOTE
    GammaDist: no visible binding for global variable ‘rgamma’
    VEpowerPP: no visible global function definition for ‘qnorm’
    applyStopRules: no visible global function definition for ‘qnorm’
    finalLogRankTest: no visible global function definition for ‘qnorm’
    finalLogRankTest: no visible global function definition for ‘pchisq’
    generateDropout: no visible global function definition for ‘rexp’
    generateEnrollment: no visible global function definition for ‘rpois’
    generateEnrollment: no visible global function definition for ‘runif’
    generateInfection: no visible global function definition for ‘rexp’
    generateInfection : <anonymous>: no visible global function definition
     for ‘rexp’
    getAlphaPerTest: no visible global function definition for ‘uniroot’
    getHarmBound: no visible global function definition for ‘dbinom’
    getHarmBound: no visible global function definition for ‘write.csv’
    getTreatmentAssignment : <anonymous>: no visible global function
     definition for ‘runif’
    getTreatmentAssignment: no visible global function definition for
     ‘runif’
    simTrial: no visible global function definition for ‘runif’
    sumTrialOneTrtArm: no visible global function definition for ‘quantile’
    testVE: no visible global function definition for ‘qnorm’
    Undefined global functions or variables:
     dbinom pchisq qnorm quantile rexp rgamma rpois runif uniroot
     write.csv
    Consider adding
     importFrom("stats", "dbinom", "pchisq", "qnorm", "quantile", "rexp",
     "rgamma", "rpois", "runif", "uniroot")
     importFrom("utils", "write.csv")
    to your NAMESPACE file.
Flavors: r-devel-linux-x86_64-debian-clang, r-devel-linux-x86_64-debian-gcc, r-devel-linux-x86_64-fedora-clang, r-devel-linux-x86_64-fedora-gcc, r-devel-windows-ix86+x86_64, r-patched-linux-x86_64, r-patched-solaris-x86, r-release-linux-x86_64, r-release-windows-ix86+x86_64, r-release-osx-x86_64, r-oldrel-windows-ix86+x86_64, r-oldrel-osx-x86_64

Version: 1.1
Check: re-building of vignette outputs
Result: WARN
    Error in re-building vignettes:
     ...
    Error in texi2dvi(file = file, pdf = TRUE, clean = clean, quiet = quiet, :
     Running 'texi2dvi' on 'seqDesignInstructions.tex' failed.
    LaTeX errors:
    ! LaTeX Error: File `multirow.sty' not found.
    
    Type X to quit or <RETURN> to proceed,
    or enter new name. (Default extension: sty)
    
    ! Emergency stop.
    <read *>
    
    l.8 \usepackage
     [round,authoryear]{natbib}^^M
    ! ==> Fatal error occurred, no output PDF file produced!
    Calls: buildVignettes -> texi2pdf -> texi2dvi
    Execution halted
Flavor: r-oldrel-osx-x86_64