CRAN Package Check Results for Package shadow

Last updated on 2018-11-24 00:51:25 CET.

Flavor Version Tinstall Tcheck Ttotal Status Flags
r-devel-linux-x86_64-debian-clang 0.5.7 5.41 107.50 112.91 OK
r-devel-linux-x86_64-debian-gcc 0.5.7 5.41 85.94 91.35 OK
r-devel-linux-x86_64-fedora-clang 0.5.7 132.58 NOTE
r-devel-linux-x86_64-fedora-gcc 0.5.7 132.16 NOTE
r-devel-windows-ix86+x86_64 0.5.7 15.00 146.00 161.00 OK
r-patched-linux-x86_64 0.5.7 5.09 106.06 111.15 OK
r-patched-solaris-x86 0.5.7 185.90 NOTE
r-release-linux-x86_64 0.5.7 6.59 106.44 113.03 OK
r-release-windows-ix86+x86_64 0.5.7 15.00 154.00 169.00 OK
r-release-osx-x86_64 0.5.7 NOTE
r-oldrel-windows-ix86+x86_64 0.5.7 16.00 169.00 185.00 OK
r-oldrel-osx-x86_64 0.5.7 NOTE

Check Details

Version: 0.5.7
Check: dependencies in R code
Result: NOTE
    Namespace in Imports field not imported from: ‘parallel’
     All declared Imports should be used.
Flavors: r-devel-linux-x86_64-fedora-clang, r-devel-linux-x86_64-fedora-gcc, r-patched-solaris-x86, r-release-osx-x86_64, r-oldrel-osx-x86_64