CRAN Package Check Results for Package shinyAce

Last updated on 2018-11-24 00:51:25 CET.

Flavor Version Tinstall Tcheck Ttotal Status Flags
r-devel-linux-x86_64-debian-clang 0.3.2 3.06 29.91 32.97 OK
r-devel-linux-x86_64-debian-gcc 0.3.2 2.19 24.75 26.94 OK
r-devel-linux-x86_64-fedora-clang 0.3.2 37.79 NOTE
r-devel-linux-x86_64-fedora-gcc 0.3.2 36.56 OK
r-devel-windows-ix86+x86_64 0.3.2 19.00 52.00 71.00 NOTE
r-patched-linux-x86_64 0.3.2 2.70 29.10 31.80 OK
r-patched-solaris-x86 0.3.2 60.40 NOTE
r-release-linux-x86_64 0.3.2 2.88 28.91 31.79 OK
r-release-windows-ix86+x86_64 0.3.2 24.00 58.00 82.00 NOTE
r-release-osx-x86_64 0.3.2 NOTE
r-oldrel-windows-ix86+x86_64 0.3.2 23.00 51.00 74.00 NOTE
r-oldrel-osx-x86_64 0.3.2 NOTE

Check Details

Version: 0.3.2
Check: installed package size
Result: NOTE
     installed size is 7.9Mb
     sub-directories of 1Mb or more:
     www 7.7Mb
Flavors: r-devel-linux-x86_64-fedora-clang, r-devel-windows-ix86+x86_64, r-patched-solaris-x86, r-release-windows-ix86+x86_64, r-release-osx-x86_64, r-oldrel-windows-ix86+x86_64, r-oldrel-osx-x86_64