Last updated on 2018-11-24 00:51:25 CET.
Flavor | Version | Tinstall | Tcheck | Ttotal | Status | Flags |
---|---|---|---|---|---|---|
r-devel-linux-x86_64-debian-clang | 1.0.0 | 5.32 | 93.35 | 98.67 | OK | |
r-devel-linux-x86_64-debian-gcc | 1.0.0 | 4.05 | 72.82 | 76.87 | OK | |
r-devel-linux-x86_64-fedora-clang | 1.0.0 | 117.62 | NOTE | |||
r-devel-linux-x86_64-fedora-gcc | 1.0.0 | 111.89 | NOTE | |||
r-devel-windows-ix86+x86_64 | 1.0.0 | 10.00 | 94.00 | 104.00 | OK | |
r-patched-linux-x86_64 | 1.0.0 | 5.19 | 88.01 | 93.20 | OK | |
r-patched-solaris-x86 | 1.0.0 | 181.80 | NOTE | |||
r-release-linux-x86_64 | 1.0.0 | 5.29 | 88.91 | 94.20 | OK | |
r-release-windows-ix86+x86_64 | 1.0.0 | 12.00 | 131.00 | 143.00 | OK | |
r-release-osx-x86_64 | 1.0.0 | NOTE | ||||
r-oldrel-windows-ix86+x86_64 | 1.0.0 | 11.00 | 146.00 | 157.00 | OK | |
r-oldrel-osx-x86_64 | 1.0.0 | NOTE |
Version: 1.0.0
Check: dependencies in R code
Result: NOTE
Namespace in Imports field not imported from: ‘mcmc’
All declared Imports should be used.
Flavors: r-devel-linux-x86_64-fedora-clang, r-devel-linux-x86_64-fedora-gcc, r-patched-solaris-x86, r-release-osx-x86_64, r-oldrel-osx-x86_64