CRAN Package Check Results for Package snowFT

Last updated on 2018-11-24 00:51:26 CET.

Flavor Version Tinstall Tcheck Ttotal Status Flags
r-devel-linux-x86_64-debian-clang 1.6-0 1.10 17.66 18.76 OK
r-devel-linux-x86_64-debian-gcc 1.6-0 1.28 15.46 16.74 OK
r-devel-linux-x86_64-fedora-clang 1.6-0 33.70 OK
r-devel-linux-x86_64-fedora-gcc 1.6-0 32.39 OK
r-devel-windows-ix86+x86_64 1.6-0 5.00 44.00 49.00 OK
r-patched-linux-x86_64 1.6-0 1.58 16.51 18.09 OK
r-patched-solaris-x86 1.6-0 78.10 OK
r-release-linux-x86_64 1.6-0 1.41 16.70 18.11 OK
r-release-windows-ix86+x86_64 1.6-0 4.00 47.00 51.00 OK
r-release-osx-x86_64 1.6-0 NOTE
r-oldrel-windows-ix86+x86_64 1.6-0 3.00 83.00 86.00 OK
r-oldrel-osx-x86_64 1.6-0 NOTE

Check Details

Version: 1.6-0
Check: package dependencies
Result: NOTE
    Package suggested but not available for checking: ‘Rmpi’
Flavors: r-release-osx-x86_64, r-oldrel-osx-x86_64