Last updated on 2018-11-24 00:51:26 CET.
Flavor | Version | Tinstall | Tcheck | Ttotal | Status | Flags |
---|---|---|---|---|---|---|
r-devel-linux-x86_64-debian-clang | 1.2.0 | 7.88 | 64.15 | 72.03 | OK | |
r-devel-linux-x86_64-debian-gcc | 1.2.0 | 7.22 | 49.18 | 56.40 | OK | |
r-devel-linux-x86_64-fedora-clang | 1.2.0 | 85.85 | NOTE | |||
r-devel-linux-x86_64-fedora-gcc | 1.2.0 | 84.08 | NOTE | |||
r-devel-windows-ix86+x86_64 | 1.2.0 | 20.00 | 107.00 | 127.00 | OK | |
r-patched-linux-x86_64 | 1.2.0 | 8.77 | 61.38 | 70.15 | NOTE | |
r-patched-solaris-x86 | 1.2.0 | 126.40 | NOTE | |||
r-release-linux-x86_64 | 1.2.0 | 6.71 | 60.87 | 67.58 | NOTE | |
r-release-windows-ix86+x86_64 | 1.2.0 | 22.00 | 150.00 | 172.00 | OK | |
r-release-osx-x86_64 | 1.2.0 | NOTE | ||||
r-oldrel-windows-ix86+x86_64 | 1.2.0 | 25.00 | 122.00 | 147.00 | OK | |
r-oldrel-osx-x86_64 | 1.2.0 | NOTE |
Version: 1.2.0
Check: data for non-ASCII characters
Result: NOTE
Note: found 145 marked UTF-8 strings
Flavors: r-devel-linux-x86_64-fedora-clang, r-devel-linux-x86_64-fedora-gcc, r-patched-solaris-x86, r-release-osx-x86_64, r-oldrel-osx-x86_64
Version: 1.2.0
Check: DESCRIPTION meta-information
Result: NOTE
Dependence on R version ‘3.3.2’ not with patchlevel 0
Flavors: r-patched-linux-x86_64, r-release-linux-x86_64