Last updated on 2018-11-24 00:51:26 CET.
Flavor | Version | Tinstall | Tcheck | Ttotal | Status | Flags |
---|---|---|---|---|---|---|
r-devel-linux-x86_64-debian-clang | 0.2.9.4 | 3.15 | 36.24 | 39.39 | NOTE | |
r-devel-linux-x86_64-debian-gcc | 0.2.9.4 | 3.05 | 29.91 | 32.96 | NOTE | |
r-devel-linux-x86_64-fedora-clang | 0.2.9.4 | 47.40 | NOTE | |||
r-devel-linux-x86_64-fedora-gcc | 0.2.9.4 | 47.08 | NOTE | |||
r-devel-windows-ix86+x86_64 | 0.2.9.4 | 10.00 | 62.00 | 72.00 | NOTE | |
r-patched-linux-x86_64 | 0.2.9.4 | 2.93 | 35.62 | 38.55 | NOTE | |
r-patched-solaris-x86 | 0.2.9.4 | 76.00 | NOTE | |||
r-release-linux-x86_64 | 0.2.9.4 | 2.79 | 35.09 | 37.88 | NOTE | |
r-release-windows-ix86+x86_64 | 0.2.9.4 | 10.00 | 62.00 | 72.00 | NOTE | |
r-release-osx-x86_64 | 0.2.9.4 | NOTE | ||||
r-oldrel-windows-ix86+x86_64 | 0.2.9.4 | 12.00 | 65.00 | 77.00 | NOTE | |
r-oldrel-osx-x86_64 | 0.2.9.4 | NOTE |
Version: 0.2.9.4
Check: package dependencies
Result: NOTE
Package suggested but not available for checking: ‘spDataLarge’
Flavors: r-devel-linux-x86_64-debian-clang, r-devel-linux-x86_64-debian-gcc, r-devel-linux-x86_64-fedora-clang, r-devel-linux-x86_64-fedora-gcc, r-devel-windows-ix86+x86_64, r-patched-linux-x86_64, r-patched-solaris-x86, r-release-linux-x86_64, r-release-windows-ix86+x86_64, r-release-osx-x86_64, r-oldrel-windows-ix86+x86_64, r-oldrel-osx-x86_64
Version: 0.2.9.4
Check: installed package size
Result: NOTE
installed size is 6.5Mb
sub-directories of 1Mb or more:
data 2.6Mb
shapes 3.2Mb
Flavors: r-devel-linux-x86_64-fedora-clang, r-devel-windows-ix86+x86_64, r-patched-solaris-x86, r-release-windows-ix86+x86_64, r-release-osx-x86_64, r-oldrel-windows-ix86+x86_64, r-oldrel-osx-x86_64
Version: 0.2.9.4
Check: data for non-ASCII characters
Result: NOTE
Note: found 285 marked UTF-8 strings
Flavors: r-devel-linux-x86_64-fedora-clang, r-devel-linux-x86_64-fedora-gcc, r-patched-solaris-x86, r-release-osx-x86_64, r-oldrel-osx-x86_64