CRAN Package Check Results for Package spaMM

Last updated on 2018-11-24 00:51:26 CET.

Flavor Version Tinstall Tcheck Ttotal Status Flags
r-devel-linux-x86_64-debian-clang 2.5.11 125.55 162.82 288.37 OK
r-devel-linux-x86_64-debian-gcc 2.5.11 118.14 126.42 244.56 OK
r-devel-linux-x86_64-fedora-clang 2.5.11 299.80 NOTE
r-devel-linux-x86_64-fedora-gcc 2.5.11 384.10 OK
r-devel-windows-ix86+x86_64 2.5.11 214.00 227.00 441.00 OK
r-patched-linux-x86_64 2.5.11 135.08 159.64 294.72 OK
r-patched-solaris-x86 2.5.11 320.60 OK
r-release-linux-x86_64 2.5.11 131.20 163.08 294.28 OK
r-release-windows-ix86+x86_64 2.5.11 216.00 238.00 454.00 OK
r-release-osx-x86_64 2.5.11 NOTE
r-oldrel-windows-ix86+x86_64 2.5.11 240.00 251.00 491.00 OK
r-oldrel-osx-x86_64 2.5.11 NOTE

Check Details

Version: 2.5.11
Check: installed package size
Result: NOTE
     installed size is 33.2Mb
     sub-directories of 1Mb or more:
     R 1.1Mb
     libs 31.1Mb
Flavors: r-devel-linux-x86_64-fedora-clang, r-release-osx-x86_64, r-oldrel-osx-x86_64