CRAN Package Check Results for Package spatstat

Last updated on 2018-11-24 00:51:26 CET.

Flavor Version Tinstall Tcheck Ttotal Status Flags
r-devel-linux-x86_64-debian-clang 1.57-1 141.74 854.19 995.93 OK --no-tests
r-devel-linux-x86_64-debian-gcc 1.57-1 120.31 647.73 768.04 OK --no-tests
r-devel-linux-x86_64-fedora-clang 1.57-1 1769.48 NOTE
r-devel-linux-x86_64-fedora-gcc 1.57-1 1716.86 OK
r-devel-windows-ix86+x86_64 1.57-1 350.00 547.00 897.00 NOTE --no-examples --no-tests --no-vignettes
r-patched-linux-x86_64 1.57-1 134.47 818.81 953.28 OK --no-tests
r-patched-solaris-x86 1.57-1 2498.60 NOTE
r-release-linux-x86_64 1.57-1 135.91 824.64 960.55 OK --no-tests
r-release-windows-ix86+x86_64 1.57-1 357.00 536.00 893.00 NOTE --no-examples --no-tests --no-vignettes
r-release-osx-x86_64 1.57-1 NOTE
r-oldrel-windows-ix86+x86_64 1.57-1 368.00 611.00 979.00 NOTE --no-examples --no-tests --no-vignettes
r-oldrel-osx-x86_64 1.57-1 NOTE

Check Details

Version: 1.57-1
Check: installed package size
Result: NOTE
     installed size is 18.3Mb
     sub-directories of 1Mb or more:
     R 5.1Mb
     doc 5.4Mb
     help 5.0Mb
     libs 1.9Mb
Flavors: r-devel-linux-x86_64-fedora-clang, r-patched-solaris-x86, r-release-osx-x86_64, r-oldrel-osx-x86_64

Version: 1.57-1
Flags: --no-examples --no-tests --no-vignettes
Check: installed package size
Result: NOTE
     installed size is 17.6Mb
     sub-directories of 1Mb or more:
     R 5.1Mb
     doc 5.3Mb
     help 5.0Mb
     libs 1.2Mb
Flavors: r-devel-windows-ix86+x86_64, r-release-windows-ix86+x86_64, r-oldrel-windows-ix86+x86_64

Version: 1.57-1
Check: package dependencies
Result: NOTE
    Package suggested but not available for checking: ‘rpanel’
Flavor: r-release-osx-x86_64