CRAN Package Check Results for Package spnet

Last updated on 2018-11-24 00:51:26 CET.

Flavor Version Tinstall Tcheck Ttotal Status Flags
r-devel-linux-x86_64-debian-clang 0.9.1-0 7.53 57.16 64.69 OK
r-devel-linux-x86_64-debian-gcc 0.9.1-0 5.69 46.03 51.72 OK
r-devel-linux-x86_64-fedora-clang 0.9.1-0 76.06 NOTE
r-devel-linux-x86_64-fedora-gcc 0.9.1-0 73.58 NOTE
r-devel-windows-ix86+x86_64 0.9.1-0 16.00 79.00 95.00 OK
r-patched-linux-x86_64 0.9.1-0 6.47 56.28 62.75 OK
r-patched-solaris-x86 0.9.1-0 90.80 NOTE
r-release-linux-x86_64 0.9.1-0 7.05 55.85 62.90 OK
r-release-windows-ix86+x86_64 0.9.1-0 19.00 78.00 97.00 OK
r-release-osx-x86_64 0.9.1-0 NOTE
r-oldrel-windows-ix86+x86_64 0.9.1-0 13.00 87.00 100.00 OK
r-oldrel-osx-x86_64 0.9.1-0 NOTE

Check Details

Version: 0.9.1-0
Check: data for non-ASCII characters
Result: NOTE
     Note: found 1 marked UTF-8 string
Flavors: r-devel-linux-x86_64-fedora-clang, r-devel-linux-x86_64-fedora-gcc, r-patched-solaris-x86, r-release-osx-x86_64, r-oldrel-osx-x86_64

Version: 0.9.1-0
Check: installed package size
Result: NOTE
     installed size is 5.0Mb
     sub-directories of 1Mb or more:
     doc 3.6Mb
Flavor: r-patched-solaris-x86