CRAN Package Check Results for Package standardize

Last updated on 2018-11-24 00:51:27 CET.

Flavor Version Tinstall Tcheck Ttotal Status Flags
r-devel-linux-x86_64-debian-clang 0.2.1 5.86 78.28 84.14 OK
r-devel-linux-x86_64-debian-gcc 0.2.1 4.70 62.83 67.53 OK
r-devel-linux-x86_64-fedora-clang 0.2.1 97.13 OK
r-devel-linux-x86_64-fedora-gcc 0.2.1 96.88 OK
r-devel-windows-ix86+x86_64 0.2.1 13.00 127.00 140.00 OK
r-patched-linux-x86_64 0.2.1 5.72 75.21 80.93 NOTE
r-patched-solaris-x86 0.2.1 163.20 OK
r-release-linux-x86_64 0.2.1 5.67 74.68 80.35 NOTE
r-release-windows-ix86+x86_64 0.2.1 12.00 112.00 124.00 OK
r-release-osx-x86_64 0.2.1 OK
r-oldrel-windows-ix86+x86_64 0.2.1 14.00 125.00 139.00 OK
r-oldrel-osx-x86_64 0.2.1 OK

Check Details

Version: 0.2.1
Check: DESCRIPTION meta-information
Result: NOTE
    Dependence on R version ‘3.3.3’ not with patchlevel 0
Flavors: r-patched-linux-x86_64, r-release-linux-x86_64