Last updated on 2018-11-24 00:51:27 CET.
Flavor | Version | Tinstall | Tcheck | Ttotal | Status | Flags |
---|---|---|---|---|---|---|
r-devel-linux-x86_64-debian-clang | 1.3 | 40.87 | 49.24 | 90.11 | OK | |
r-devel-linux-x86_64-debian-gcc | 1.3 | 35.97 | 38.85 | 74.82 | OK | |
r-devel-linux-x86_64-fedora-clang | 1.3 | 123.97 | NOTE | |||
r-devel-linux-x86_64-fedora-gcc | 1.3 | 116.61 | NOTE | |||
r-devel-windows-ix86+x86_64 | 1.3 | 102.00 | 126.00 | 228.00 | OK | |
r-patched-linux-x86_64 | 1.3 | 44.05 | 47.04 | 91.09 | OK | |
r-patched-solaris-x86 | 1.3 | 137.30 | OK | |||
r-release-linux-x86_64 | 1.3 | 42.37 | 47.11 | 89.48 | OK | |
r-release-windows-ix86+x86_64 | 1.3 | 103.00 | 135.00 | 238.00 | OK | |
r-release-osx-x86_64 | 1.3 | OK | ||||
r-oldrel-windows-ix86+x86_64 | 1.3 | 97.00 | 141.00 | 238.00 | OK | |
r-oldrel-osx-x86_64 | 1.3 | OK |
Version: 1.3
Check: compiled code
Result: NOTE
File ‘starma/libs/starma.so’:
Found no calls to: ‘R_registerRoutines’, ‘R_useDynamicSymbols’
It is good practice to register native routines and to disable symbol
search.
See ‘Writing portable packages’ in the ‘Writing R Extensions’ manual.
Flavors: r-devel-linux-x86_64-fedora-clang, r-devel-linux-x86_64-fedora-gcc