Last updated on 2018-11-24 00:51:27 CET.
Flavor | Version | Tinstall | Tcheck | Ttotal | Status | Flags |
---|---|---|---|---|---|---|
r-devel-linux-x86_64-debian-clang | 1.3.3 | 40.86 | 160.14 | 201.00 | OK | |
r-devel-linux-x86_64-debian-gcc | 1.3.3 | 33.12 | 117.31 | 150.43 | OK | |
r-devel-linux-x86_64-fedora-clang | 1.3.3 | 250.79 | OK | |||
r-devel-linux-x86_64-fedora-gcc | 1.3.3 | 235.34 | OK | |||
r-devel-windows-ix86+x86_64 | 1.3.3 | 92.00 | 254.00 | 346.00 | OK | |
r-patched-linux-x86_64 | 1.3.3 | 40.57 | 145.79 | 186.36 | OK | |
r-patched-solaris-x86 | 1.3.3 | 356.40 | OK | |||
r-release-linux-x86_64 | 1.3.3 | 43.41 | 145.55 | 188.96 | OK | |
r-release-windows-ix86+x86_64 | 1.3.3 | 99.00 | 251.00 | 350.00 | OK | |
r-release-osx-x86_64 | 1.3.3 | OK | ||||
r-oldrel-windows-ix86+x86_64 | 1.3.3 | 97.00 | 270.00 | 367.00 | OK | |
r-oldrel-osx-x86_64 | 1.3.3 | NOTE |
Version: 1.3.3
Check: re-building of vignette outputs
Result: NOTE
Error in re-building vignettes:
...
(/usr/local/texlive/2016basic/texmf-dist/tex/latex/amsmath/amstext.sty
(/usr/local/texlive/2016basic/texmf-dist/tex/latex/amsmath/amsgen.sty))
(/usr/local/texlive/2016basic/texmf-dist/tex/latex/amsmath/amsbsy.sty)
(/usr/local/texlive/2016basic/texmf-dist/tex/latex/amsmath/amsopn.sty))
(/usr/local/texlive/2016basic/texmf-dist/tex/latex/amsfonts/amssymb.sty
(/usr/local/texlive/2016basic/texmf-dist/tex/latex/amsfonts/amsfonts.sty))
(/usr/local/texlive/2016basic/texmf-dist/tex/latex/tools/bm.sty)
! LaTeX Error: File `tablefootnote.sty' not found.
Type X to quit or <RETURN> to proceed,
or enter new name. (Default extension: sty)
Enter file name:
! Emergency stop.
<read *>
l.22 ^^M
! ==> Fatal error occurred, no output PDF file produced!
Transcript written on article.log.
make: *** [article.pdf] Error 1
Error in buildVignettes(dir = "/Volumes/SSD-Data/Builds/R-dev-web/QA/Simon/packages/el-capitan-x86_64/results/3.4/stochvol.Rcheck/vign_test/stochvol") :
running 'make' failed
Execution halted
Flavor: r-oldrel-osx-x86_64