CRAN Package Check Results for Package storr

Last updated on 2018-11-24 00:51:27 CET.

Flavor Version Tinstall Tcheck Ttotal Status Flags
r-devel-linux-x86_64-debian-clang 1.2.1 5.51 39.87 45.38 OK
r-devel-linux-x86_64-debian-gcc 1.2.1 5.70 30.91 36.61 OK
r-devel-linux-x86_64-fedora-clang 1.2.1 53.75 OK
r-devel-linux-x86_64-fedora-gcc 1.2.1 52.03 OK
r-devel-windows-ix86+x86_64 1.2.1 14.00 99.00 113.00 OK
r-patched-linux-x86_64 1.2.1 6.11 37.00 43.11 OK
r-patched-solaris-x86 1.2.1 75.30 NOTE
r-release-linux-x86_64 1.2.1 6.09 37.09 43.18 OK
r-release-windows-ix86+x86_64 1.2.1 13.00 80.00 93.00 OK
r-release-osx-x86_64 1.2.1 OK
r-oldrel-windows-ix86+x86_64 1.2.1 4.00 85.00 89.00 OK
r-oldrel-osx-x86_64 1.2.1 OK

Check Details

Version: 1.2.1
Check: package dependencies
Result: NOTE
    Package suggested but not available for checking: ‘RPostgres’
Flavor: r-patched-solaris-x86