CRAN Package Check Results for Package stringi

Last updated on 2018-11-24 00:51:27 CET.

Flavor Version Tinstall Tcheck Ttotal Status Flags
r-devel-linux-x86_64-debian-clang 1.2.4 382.86 48.37 431.23 OK
r-devel-linux-x86_64-debian-gcc 1.2.4 297.30 38.84 336.14 WARN
r-devel-linux-x86_64-fedora-clang 1.2.4 226.44 NOTE
r-devel-linux-x86_64-fedora-gcc 1.2.4 168.43 OK
r-devel-windows-ix86+x86_64 1.2.4 1546.00 98.00 1644.00 NOTE
r-patched-linux-x86_64 1.2.4 374.68 46.57 421.25 WARN
r-patched-solaris-x86 1.2.4 637.10 NOTE
r-release-linux-x86_64 1.2.4 389.73 46.11 435.84 WARN
r-release-windows-ix86+x86_64 1.2.4 1178.00 142.00 1320.00 NOTE
r-release-osx-x86_64 1.2.4 NOTE
r-oldrel-windows-ix86+x86_64 1.2.4 1226.00 161.00 1387.00 NOTE
r-oldrel-osx-x86_64 1.2.4 NOTE

Additional issues

rchk

Check Details

Version: 1.2.4
Check: whether package can be installed
Result: WARN
    Found the following significant warnings:
     icu61/common/cstring.h:43:70: warning: ‘char* strncpy(char*, const char*, size_t)’ specified bound 100 equals destination size [-Wstringop-truncation]
     icu61/common/cstring.h:43:70: warning: ‘char* strncpy(char*, const char*, size_t)’ output truncated before terminating nul copying as many bytes from a string as its length [-Wstringop-truncation]
     icu61/common/cstring.h:43:70: warning: ‘char* strncpy(char*, const char*, size_t)’ specified bound 258 equals destination size [-Wstringop-truncation]
Flavors: r-devel-linux-x86_64-debian-gcc, r-patched-linux-x86_64, r-release-linux-x86_64

Version: 1.2.4
Check: installed package size
Result: NOTE
     installed size is 5.9Mb
     sub-directories of 1Mb or more:
     libs 5.2Mb
Flavors: r-devel-linux-x86_64-fedora-clang, r-devel-windows-ix86+x86_64, r-patched-solaris-x86, r-release-windows-ix86+x86_64, r-release-osx-x86_64, r-oldrel-windows-ix86+x86_64, r-oldrel-osx-x86_64