Last updated on 2018-11-24 00:51:27 CET.
Flavor | Version | Tinstall | Tcheck | Ttotal | Status | Flags |
---|---|---|---|---|---|---|
r-devel-linux-x86_64-debian-clang | 1.3.1 | 1.84 | 29.62 | 31.46 | OK | |
r-devel-linux-x86_64-debian-gcc | 1.3.1 | 1.70 | 23.72 | 25.42 | OK | |
r-devel-linux-x86_64-fedora-clang | 1.3.1 | 38.47 | NOTE | |||
r-devel-linux-x86_64-fedora-gcc | 1.3.1 | 35.94 | NOTE | |||
r-devel-windows-ix86+x86_64 | 1.3.1 | 7.00 | 61.00 | 68.00 | OK | |
r-patched-linux-x86_64 | 1.3.1 | 1.86 | 27.85 | 29.71 | OK | |
r-patched-solaris-x86 | 1.3.1 | 57.80 | NOTE | |||
r-release-linux-x86_64 | 1.3.1 | 1.82 | 27.96 | 29.78 | OK | |
r-release-windows-ix86+x86_64 | 1.3.1 | 8.00 | 57.00 | 65.00 | OK | |
r-release-osx-x86_64 | 1.3.1 | NOTE | ||||
r-oldrel-windows-ix86+x86_64 | 1.3.1 | 5.00 | 65.00 | 70.00 | OK | |
r-oldrel-osx-x86_64 | 1.3.1 | NOTE |
Version: 1.3.1
Check: data for non-ASCII characters
Result: NOTE
Note: found 3 marked UTF-8 strings
Flavors: r-devel-linux-x86_64-fedora-clang, r-devel-linux-x86_64-fedora-gcc, r-patched-solaris-x86, r-release-osx-x86_64, r-oldrel-osx-x86_64