Last updated on 2018-11-24 00:51:27 CET.
Flavor | Version | Tinstall | Tcheck | Ttotal | Status | Flags |
---|---|---|---|---|---|---|
r-devel-linux-x86_64-debian-clang | 0.8.8 | 5.21 | 52.15 | 57.36 | OK | |
r-devel-linux-x86_64-debian-gcc | 0.8.8 | 4.54 | 41.33 | 45.87 | OK | |
r-devel-linux-x86_64-fedora-clang | 0.8.8 | 70.10 | NOTE | |||
r-devel-linux-x86_64-fedora-gcc | 0.8.8 | 66.65 | NOTE | |||
r-devel-windows-ix86+x86_64 | 0.8.8 | 12.00 | 96.00 | 108.00 | OK | |
r-patched-linux-x86_64 | 0.8.8 | 5.39 | 51.45 | 56.84 | OK | |
r-patched-solaris-x86 | 0.8.8 | 108.00 | NOTE | |||
r-release-linux-x86_64 | 0.8.8 | 4.74 | 51.01 | 55.75 | OK | |
r-release-windows-ix86+x86_64 | 0.8.8 | 12.00 | 81.00 | 93.00 | OK | |
r-release-osx-x86_64 | 0.8.8 | NOTE | ||||
r-oldrel-windows-ix86+x86_64 | 0.8.8 | 8.00 | 96.00 | 104.00 | OK | |
r-oldrel-osx-x86_64 | 0.8.8 | NOTE |
Version: 0.8.8
Check: data for non-ASCII characters
Result: NOTE
Note: found 78 marked UTF-8 strings
Flavors: r-devel-linux-x86_64-fedora-clang, r-devel-linux-x86_64-fedora-gcc, r-patched-solaris-x86, r-release-osx-x86_64, r-oldrel-osx-x86_64