CRAN Package Check Results for Package surveillance

Last updated on 2018-11-24 00:51:27 CET.

Flavor Version Tinstall Tcheck Ttotal Status Flags
r-devel-linux-x86_64-debian-clang 1.16.2 57.17 452.59 509.76 NOTE
r-devel-linux-x86_64-debian-gcc 1.16.2 53.86 344.81 398.67 NOTE
r-devel-linux-x86_64-fedora-clang 1.16.2 621.92 NOTE
r-devel-linux-x86_64-fedora-gcc 1.16.2 606.26 OK
r-devel-windows-ix86+x86_64 1.16.2 129.00 576.00 705.00 NOTE --no-vignettes
r-patched-linux-x86_64 1.16.2 62.17 438.00 500.17 NOTE
r-patched-solaris-x86 1.16.2 826.30 NOTE
r-release-linux-x86_64 1.16.2 62.49 437.73 500.22 NOTE
r-release-windows-ix86+x86_64 1.16.2 132.00 603.00 735.00 NOTE --no-vignettes
r-release-osx-x86_64 1.16.2 NOTE
r-oldrel-windows-ix86+x86_64 1.16.2 101.00 722.00 823.00 NOTE --no-vignettes
r-oldrel-osx-x86_64 1.16.2 NOTE

Additional issues

ATLAS MKL OpenBLAS

Check Details

Version: 1.16.2
Check: package dependencies
Result: NOTE
    Package suggested but not available for checking: ‘INLA’
Flavors: r-devel-linux-x86_64-debian-clang, r-devel-linux-x86_64-debian-gcc, r-patched-linux-x86_64, r-patched-solaris-x86, r-release-linux-x86_64, r-release-osx-x86_64, r-oldrel-osx-x86_64

Version: 1.16.2
Check: installed package size
Result: NOTE
     installed size is 8.4Mb
     sub-directories of 1Mb or more:
     R 1.8Mb
     doc 2.3Mb
     help 1.0Mb
     libs 1.6Mb
Flavors: r-devel-linux-x86_64-fedora-clang, r-patched-solaris-x86, r-release-osx-x86_64, r-oldrel-osx-x86_64

Version: 1.16.2
Flags: --no-vignettes
Check: installed package size
Result: NOTE
     installed size is 8.4Mb
     sub-directories of 1Mb or more:
     R 1.8Mb
     doc 2.3Mb
     help 1.0Mb
     libs 1.7Mb
Flavors: r-devel-windows-ix86+x86_64, r-release-windows-ix86+x86_64, r-oldrel-windows-ix86+x86_64