CRAN Package Check Results for Package sweep

Last updated on 2018-11-24 00:51:27 CET.

Flavor Version Tinstall Tcheck Ttotal Status Flags
r-devel-linux-x86_64-debian-clang 0.2.1.1 4.13 128.20 132.33 OK
r-devel-linux-x86_64-debian-gcc 0.2.1.1 2.94 97.22 100.16 OK
r-devel-linux-x86_64-fedora-clang 0.2.1.1 152.48 NOTE
r-devel-linux-x86_64-fedora-gcc 0.2.1.1 150.43 NOTE
r-devel-windows-ix86+x86_64 0.2.1.1 11.00 197.00 208.00 OK
r-patched-linux-x86_64 0.2.1.1 2.51 123.92 126.43 OK
r-patched-solaris-x86 0.2.1.1 223.70 NOTE
r-release-linux-x86_64 0.2.1.1 4.03 123.78 127.81 OK
r-release-windows-ix86+x86_64 0.2.1.1 13.00 198.00 211.00 OK
r-release-osx-x86_64 0.2.1.1 NOTE
r-oldrel-windows-ix86+x86_64 0.2.1.1 13.00 219.00 232.00 OK
r-oldrel-osx-x86_64 0.2.1.1 NOTE

Check Details

Version: 0.2.1.1
Check: dependencies in R code
Result: NOTE
    Namespaces in Imports field not imported from:
     ‘devtools’ ‘lazyeval’ ‘lubridate’ ‘tidyr’
     All declared Imports should be used.
Flavors: r-devel-linux-x86_64-fedora-clang, r-devel-linux-x86_64-fedora-gcc, r-patched-solaris-x86, r-release-osx-x86_64, r-oldrel-osx-x86_64