Last updated on 2018-11-24 00:51:28 CET.
Flavor | Version | Tinstall | Tcheck | Ttotal | Status | Flags |
---|---|---|---|---|---|---|
r-devel-linux-x86_64-debian-clang | 1.5-0 | 12.10 | 236.35 | 248.45 | OK | |
r-devel-linux-x86_64-debian-gcc | 1.5-0 | 10.59 | 177.26 | 187.85 | OK | |
r-devel-linux-x86_64-fedora-clang | 1.5-0 | 291.55 | OK | |||
r-devel-linux-x86_64-fedora-gcc | 1.5-0 | 282.05 | OK | |||
r-devel-windows-ix86+x86_64 | 1.5-0 | 26.00 | 348.00 | 374.00 | WARN | |
r-patched-linux-x86_64 | 1.5-0 | 10.30 | 225.71 | 236.01 | OK | |
r-patched-solaris-x86 | 1.5-0 | 459.80 | OK | |||
r-release-linux-x86_64 | 1.5-0 | 11.60 | 227.72 | 239.32 | OK | |
r-release-windows-ix86+x86_64 | 1.5-0 | 30.00 | 339.00 | 369.00 | OK | |
r-release-osx-x86_64 | 1.5-0 | OK | ||||
r-oldrel-windows-ix86+x86_64 | 1.5-0 | 20.00 | 368.00 | 388.00 | OK | |
r-oldrel-osx-x86_64 | 1.5-0 | OK |
Version: 1.5-0
Check: whether package can be installed
Result: WARN
Found the following significant warnings:
Warning: S3 methods '[.fun_list', '[.grouped_df', 'all.equal.tbl_df', 'anti_join.data.frame', 'anti_join.tbl_df', 'arrange.data.frame', 'arrange.default', 'arrange.grouped_df', 'arrange.tbl_df', 'arrange_.data.frame', 'arrange_.tbl_df', 'as.data.frame.grouped_df', 'as.data.frame.rowwise_df', 'as.data.frame.tbl_cube', 'as.table.tbl_cube', 'as.tbl.data.frame', 'as.tbl.tbl', 'as.tbl_cube.array', 'as.tbl_cube.data.frame', 'as.tbl_cube.matrix', 'as.tbl_cube.table', 'as_tibble.grouped_df', 'as_tibble.tbl_cube', 'auto_copy.tbl_cube', 'auto_copy.tbl_df', 'cbind.grouped_df', 'collapse.data.frame', 'collect.data.frame', 'common_by.NULL', 'common_by.character', 'common_by.default', 'common_by.list', 'compute.data.frame', 'copy_to.DBIConnection', 'copy_to.src_local', 'default_missing.data.frame', 'default_missing.default', 'dim.tbl_cube', 'distinct.data.frame', 'distinct.default', 'distinct.grouped_df', 'distinct.tbl_df', 'distinct_.data.frame', 'distinct_.grouped_df', 'distinct_.tbl_df', 'do.NULL', 'do.da [... truncated]
Flavor: r-devel-windows-ix86+x86_64