CRAN Package Check Results for Package sys

Last updated on 2018-11-24 00:51:28 CET.

Flavor Version Tinstall Tcheck Ttotal Status Flags
r-devel-linux-x86_64-debian-clang 2.1 2.39 34.92 37.31 OK
r-devel-linux-x86_64-debian-gcc 2.1 1.77 28.93 30.70 OK
r-devel-linux-x86_64-fedora-clang 2.1 43.25 OK
r-devel-linux-x86_64-fedora-gcc 2.1 41.57 OK
r-devel-windows-ix86+x86_64 2.1 13.00 88.00 101.00 NOTE
r-patched-linux-x86_64 2.1 2.23 33.69 35.92 OK
r-patched-solaris-x86 2.1 55.20 OK
r-release-linux-x86_64 2.1 2.10 33.76 35.86 OK
r-release-windows-ix86+x86_64 2.1 11.00 77.00 88.00 NOTE
r-release-osx-x86_64 2.1 OK
r-oldrel-windows-ix86+x86_64 2.1 14.00 68.00 82.00 NOTE
r-oldrel-osx-x86_64 2.1 OK

Check Details

Version: 2.1
Check: package dependencies
Result: NOTE
    Package suggested but not available for checking: 'unix'
Flavors: r-devel-windows-ix86+x86_64, r-release-windows-ix86+x86_64, r-oldrel-windows-ix86+x86_64

Version: 2.1
Check: Rd cross-references
Result: NOTE
    Package unavailable to check Rd xrefs: 'unix'
Flavors: r-devel-windows-ix86+x86_64, r-release-windows-ix86+x86_64, r-oldrel-windows-ix86+x86_64