CRAN Package Check Results for Package taxlist

Last updated on 2018-11-24 00:51:28 CET.

Flavor Version Tinstall Tcheck Ttotal Status Flags
r-devel-linux-x86_64-debian-clang 0.1.5 5.65 57.30 62.95 OK
r-devel-linux-x86_64-debian-gcc 0.1.5 5.45 45.55 51.00 OK
r-devel-linux-x86_64-fedora-clang 0.1.5 73.20 NOTE
r-devel-linux-x86_64-fedora-gcc 0.1.5 72.26 NOTE
r-devel-windows-ix86+x86_64 0.1.5 19.00 109.00 128.00 OK
r-patched-linux-x86_64 0.1.5 6.12 54.14 60.26 OK
r-patched-solaris-x86 0.1.5 114.90 NOTE
r-release-linux-x86_64 0.1.5 6.56 54.11 60.67 OK
r-release-windows-ix86+x86_64 0.1.5 21.00 114.00 135.00 OK
r-release-osx-x86_64 0.1.5 NOTE
r-oldrel-windows-ix86+x86_64 0.1.5 16.00 117.00 133.00 OK
r-oldrel-osx-x86_64 0.1.5 NOTE

Check Details

Version: 0.1.5
Check: dependencies in R code
Result: NOTE
    Namespace in Imports field not imported from: ‘grDevices’
     All declared Imports should be used.
Flavors: r-devel-linux-x86_64-fedora-clang, r-devel-linux-x86_64-fedora-gcc, r-patched-solaris-x86, r-release-osx-x86_64, r-oldrel-osx-x86_64

Version: 0.1.5
Check: data for non-ASCII characters
Result: NOTE
     Note: found 97 marked UTF-8 strings
Flavors: r-devel-linux-x86_64-fedora-clang, r-devel-linux-x86_64-fedora-gcc, r-patched-solaris-x86, r-release-osx-x86_64, r-oldrel-osx-x86_64