CRAN Package Check Results for Package tgp

Last updated on 2018-11-24 00:51:28 CET.

Flavor Version Tinstall Tcheck Ttotal Status Flags
r-devel-linux-x86_64-debian-clang 2.4-14 28.25 296.93 325.18 OK --no-vignettes
r-devel-linux-x86_64-debian-gcc 2.4-14 20.44 237.23 257.67 OK --no-vignettes
r-devel-linux-x86_64-fedora-clang 2.4-14 412.55 NOTE --no-vignettes
r-devel-linux-x86_64-fedora-gcc 2.4-14 389.64 NOTE --no-vignettes
r-devel-windows-ix86+x86_64 2.4-14 79.00 87.00 166.00 OK --no-examples --no-tests --no-vignettes
r-patched-linux-x86_64 2.4-14 26.25 293.55 319.80 OK --no-vignettes
r-patched-solaris-x86 2.4-14 414.00 OK --no-vignettes
r-release-linux-x86_64 2.4-14 26.16 293.63 319.79 OK --no-vignettes
r-release-windows-ix86+x86_64 2.4-14 83.00 81.00 164.00 OK --no-examples --no-tests --no-vignettes
r-release-osx-x86_64 2.4-14 OK --no-vignettes
r-oldrel-windows-ix86+x86_64 2.4-14 85.00 77.00 162.00 OK --no-examples --no-tests --no-vignettes
r-oldrel-osx-x86_64 2.4-14 OK --no-vignettes

Check Details

Version: 2.4-14
Flags: --no-vignettes
Check: compiled code
Result: NOTE
    File ‘tgp/libs/tgp.so’:
     Found no calls to: ‘R_registerRoutines’, ‘R_useDynamicSymbols’
    
    It is good practice to register native routines and to disable symbol
    search.
    
    See ‘Writing portable packages’ in the ‘Writing R Extensions’ manual.
Flavors: r-devel-linux-x86_64-fedora-clang, r-devel-linux-x86_64-fedora-gcc