Last updated on 2018-11-24 00:51:28 CET.
Flavor | Version | Tinstall | Tcheck | Ttotal | Status | Flags |
---|---|---|---|---|---|---|
r-devel-linux-x86_64-debian-clang | 0.2.0 | 3.16 | 36.25 | 39.41 | OK | |
r-devel-linux-x86_64-debian-gcc | 0.2.0 | 3.26 | 32.40 | 35.66 | OK | |
r-devel-linux-x86_64-fedora-clang | 0.2.0 | 49.69 | NOTE | |||
r-devel-linux-x86_64-fedora-gcc | 0.2.0 | 49.00 | NOTE | |||
r-devel-windows-ix86+x86_64 | 0.2.0 | 9.00 | 70.00 | 79.00 | OK | |
r-patched-linux-x86_64 | 0.2.0 | 3.87 | 35.24 | 39.11 | OK | |
r-patched-solaris-x86 | 0.2.0 | 80.90 | NOTE | |||
r-release-linux-x86_64 | 0.2.0 | 3.00 | 34.81 | 37.81 | OK | |
r-release-windows-ix86+x86_64 | 0.2.0 | 12.00 | 76.00 | 88.00 | OK | |
r-release-osx-x86_64 | 0.2.0 | NOTE | ||||
r-oldrel-windows-ix86+x86_64 | 0.2.0 | 12.00 | 80.00 | 92.00 | OK | |
r-oldrel-osx-x86_64 | 0.2.0 | NOTE |
Version: 0.2.0
Check: dependencies in R code
Result: NOTE
Namespace in Imports field not imported from: ‘sp’
All declared Imports should be used.
Flavors: r-devel-linux-x86_64-fedora-clang, r-devel-linux-x86_64-fedora-gcc, r-patched-solaris-x86, r-release-osx-x86_64, r-oldrel-osx-x86_64
Version: 0.2.0
Check: data for non-ASCII characters
Result: NOTE
Note: found 341 marked UTF-8 strings
Flavors: r-devel-linux-x86_64-fedora-clang, r-devel-linux-x86_64-fedora-gcc, r-patched-solaris-x86, r-release-osx-x86_64, r-oldrel-osx-x86_64