CRAN Package Check Results for Package tsensembler

Last updated on 2018-11-24 00:51:29 CET.

Flavor Version Tinstall Tcheck Ttotal Status Flags
r-devel-linux-x86_64-debian-clang 0.0.4 12.98 138.35 151.33 OK
r-devel-linux-x86_64-debian-gcc 0.0.4 9.99 110.64 120.63 OK
r-devel-linux-x86_64-fedora-clang 0.0.4 179.30 NOTE
r-devel-linux-x86_64-fedora-gcc 0.0.4 177.04 NOTE
r-devel-windows-ix86+x86_64 0.0.4 28.00 166.00 194.00 OK
r-patched-linux-x86_64 0.0.4 9.34 136.53 145.87 OK
r-patched-solaris-x86 0.0.4 751.00 NOTE
r-release-linux-x86_64 0.0.4 14.24 136.65 150.89 OK
r-release-windows-ix86+x86_64 0.0.4 28.00 185.00 213.00 OK
r-release-osx-x86_64 0.0.4 NOTE
r-oldrel-windows-ix86+x86_64 0.0.4 20.00 184.00 204.00 OK
r-oldrel-osx-x86_64 0.0.4 NOTE

Additional issues

ATLAS

Check Details

Version: 0.0.4
Check: dependencies in R code
Result: NOTE
    Namespace in Imports field not imported from: ‘forecast’
     All declared Imports should be used.
Flavors: r-devel-linux-x86_64-fedora-clang, r-devel-linux-x86_64-fedora-gcc, r-patched-solaris-x86, r-release-osx-x86_64, r-oldrel-osx-x86_64