CRAN Package Check Results for Package ucminf

Last updated on 2018-11-24 00:51:29 CET.

Flavor Version Tinstall Tcheck Ttotal Status Flags
r-devel-linux-x86_64-debian-clang 1.1-4 1.66 19.85 21.51 OK
r-devel-linux-x86_64-debian-gcc 1.1-4 1.36 15.91 17.27 OK
r-devel-linux-x86_64-fedora-clang 1.1-4 25.07 NOTE
r-devel-linux-x86_64-fedora-gcc 1.1-4 23.95 NOTE
r-devel-windows-ix86+x86_64 1.1-4 9.00 39.00 48.00 OK
r-patched-linux-x86_64 1.1-4 1.71 18.49 20.20 OK
r-patched-solaris-x86 1.1-4 35.30 OK
r-release-linux-x86_64 1.1-4 1.54 18.84 20.38 OK
r-release-windows-ix86+x86_64 1.1-4 11.00 36.00 47.00 OK
r-release-osx-x86_64 1.1-4 OK
r-oldrel-windows-ix86+x86_64 1.1-4 7.00 44.00 51.00 OK
r-oldrel-osx-x86_64 1.1-4 OK

Additional issues

rchk

Check Details

Version: 1.1-4
Check: compiled code
Result: NOTE
    File ‘ucminf/libs/ucminf.so’:
     Found no calls to: ‘R_registerRoutines’, ‘R_useDynamicSymbols’
    
    It is good practice to register native routines and to disable symbol
    search.
    
    See ‘Writing portable packages’ in the ‘Writing R Extensions’ manual.
Flavors: r-devel-linux-x86_64-fedora-clang, r-devel-linux-x86_64-fedora-gcc