CRAN Package Check Results for Package unjoin

Last updated on 2018-11-24 00:51:29 CET.

Flavor Version Tinstall Tcheck Ttotal Status Flags
r-devel-linux-x86_64-debian-clang 0.0.3 2.05 30.78 32.83 OK
r-devel-linux-x86_64-debian-gcc 0.0.3 1.65 24.28 25.93 OK
r-devel-linux-x86_64-fedora-clang 0.0.3 38.11 OK
r-devel-linux-x86_64-fedora-gcc 0.0.3 36.40 OK
r-devel-windows-ix86+x86_64 0.0.3 5.00 68.00 73.00 OK
r-patched-linux-x86_64 0.0.3 2.07 28.61 30.68 NOTE
r-patched-solaris-x86 0.0.3 60.30 OK
r-release-linux-x86_64 0.0.3 2.10 28.83 30.93 NOTE
r-release-windows-ix86+x86_64 0.0.3 7.00 71.00 78.00 OK
r-release-osx-x86_64 0.0.3 OK
r-oldrel-windows-ix86+x86_64 0.0.3 8.00 54.00 62.00 OK
r-oldrel-osx-x86_64 0.0.3 OK

Check Details

Version: 0.0.3
Check: DESCRIPTION meta-information
Result: NOTE
    Dependence on R version ‘3.3.2’ not with patchlevel 0
Flavors: r-patched-linux-x86_64, r-release-linux-x86_64