Last updated on 2018-11-24 00:51:29 CET.
Flavor | Version | Tinstall | Tcheck | Ttotal | Status | Flags |
---|---|---|---|---|---|---|
r-devel-linux-x86_64-debian-clang | 0.12-2 | 82.09 | 193.38 | 275.47 | NOTE | |
r-devel-linux-x86_64-debian-gcc | 0.12-2 | 77.07 | 148.50 | 225.57 | NOTE | |
r-devel-linux-x86_64-fedora-clang | 0.12-2 | 355.31 | NOTE | |||
r-devel-linux-x86_64-fedora-gcc | 0.12-2 | 343.06 | NOTE | |||
r-devel-windows-ix86+x86_64 | 0.12-2 | 191.00 | 344.00 | 535.00 | NOTE | |
r-patched-linux-x86_64 | 0.12-2 | 92.94 | 186.38 | 279.32 | NOTE | |
r-patched-solaris-x86 | 0.12-2 | 419.60 | NOTE | |||
r-release-linux-x86_64 | 0.12-2 | 95.35 | 188.34 | 283.69 | NOTE | |
r-release-windows-ix86+x86_64 | 0.12-2 | 202.00 | 332.00 | 534.00 | NOTE | |
r-release-osx-x86_64 | 0.12-2 | NOTE | ||||
r-oldrel-windows-ix86+x86_64 | 0.12-2 | 202.00 | 332.00 | 534.00 | NOTE | |
r-oldrel-osx-x86_64 | 0.12-2 | NOTE |
Version: 0.12-2
Check: for GNU extensions in Makefiles
Result: NOTE
GNU make is a SystemRequirements.
Flavors: r-devel-linux-x86_64-debian-clang, r-devel-linux-x86_64-debian-gcc, r-devel-linux-x86_64-fedora-clang, r-devel-linux-x86_64-fedora-gcc, r-devel-windows-ix86+x86_64, r-patched-linux-x86_64, r-patched-solaris-x86, r-release-linux-x86_64, r-release-windows-ix86+x86_64, r-release-osx-x86_64, r-oldrel-windows-ix86+x86_64, r-oldrel-osx-x86_64
Version: 0.12-2
Check: installed package size
Result: NOTE
installed size is 6.4Mb
sub-directories of 1Mb or more:
R 1.0Mb
doc 1.6Mb
libs 2.9Mb
Flavors: r-devel-linux-x86_64-fedora-clang, r-devel-windows-ix86+x86_64, r-release-windows-ix86+x86_64, r-release-osx-x86_64
Version: 0.12-2
Check: re-building of vignette outputs
Result: NOTE
Error in re-building vignettes:
...
Loading required package: reshape
Loading required package: lattice
Loading required package: parallel
Loading required package: Rcpp
Error in texi2dvi(file = file, pdf = TRUE, clean = clean, quiet = quiet, :
Running 'texi2dvi' on 'cap-recap.tex' failed.
LaTeX errors:
! LaTeX Error: File `fullpage.sty' not found.
Type X to quit or <RETURN> to proceed,
or enter new name. (Default extension: sty)
! Emergency stop.
<read *>
l.7 \usepackage
{amsmath}^^M
! ==> Fatal error occurred, no output PDF file produced!
Calls: buildVignettes -> texi2pdf -> texi2dvi
Execution halted
Flavor: r-oldrel-osx-x86_64