CRAN Package Check Results for Package updog

Last updated on 2018-11-24 00:51:30 CET.

Flavor Version Tinstall Tcheck Ttotal Status Flags
r-devel-linux-x86_64-debian-clang 1.0.1 127.89 115.08 242.97 NOTE
r-devel-linux-x86_64-debian-gcc 1.0.1 115.08 82.95 198.03 NOTE
r-devel-linux-x86_64-fedora-clang 1.0.1 324.46 NOTE
r-devel-linux-x86_64-fedora-gcc 1.0.1 317.11 NOTE
r-devel-windows-ix86+x86_64 1.0.1 347.00 257.00 604.00 OK
r-patched-linux-x86_64 1.0.1 139.97 106.68 246.65 OK
r-patched-solaris-x86 1.0.1 444.70 OK
r-release-linux-x86_64 1.0.1 140.33 106.09 246.42 OK
r-release-windows-ix86+x86_64 1.0.1 363.00 285.00 648.00 OK
r-release-osx-x86_64 1.0.1 OK
r-oldrel-windows-ix86+x86_64 1.0.1 358.00 283.00 641.00 OK
r-oldrel-osx-x86_64 1.0.1 OK

Check Details

Version: 1.0.1
Check: use of SHLIB_OPENMP_*FLAGS in Makefiles
Result: NOTE
     src/Makevars: SHLIB_OPENMP_CXXFLAGS is included in PKG_CXXFLAGS but not in PKG_LIBS
     src/Makevars: SHLIB_OPENMP_CFLAGS is included in PKG_LIBS but not in PKG_CFLAGS
     src/Makevars.win: SHLIB_OPENMP_CXXFLAGS is included in PKG_CXXFLAGS but not in PKG_LIBS
     src/Makevars.win: SHLIB_OPENMP_CFLAGS is included in PKG_LIBS but not in PKG_CFLAGS
    Use of these macros is discussed in sect 1.2.1.1 of ‘Writing R
    Extensions’. The macros for different languages may differ so the
    matching macro must be used in PKG_CXXFLAGS (etc) and match that used
    in PKG_LIBS (except for F77: see the manual).
Flavors: r-devel-linux-x86_64-debian-clang, r-devel-linux-x86_64-debian-gcc, r-devel-linux-x86_64-fedora-clang, r-devel-linux-x86_64-fedora-gcc

Version: 1.0.1
Check: installed package size
Result: NOTE
     installed size is 5.7Mb
     sub-directories of 1Mb or more:
     libs 4.8Mb
Flavor: r-devel-linux-x86_64-fedora-clang