Last updated on 2018-11-24 00:51:30 CET.
Flavor | Version | Tinstall | Tcheck | Ttotal | Status | Flags |
---|---|---|---|---|---|---|
r-devel-linux-x86_64-debian-clang | 0.3.0 | 0.61 | 20.76 | 21.37 | OK | |
r-devel-linux-x86_64-debian-gcc | 0.3.0 | 0.63 | 16.58 | 17.21 | OK | |
r-devel-linux-x86_64-fedora-clang | 0.3.0 | 25.06 | OK | |||
r-devel-linux-x86_64-fedora-gcc | 0.3.0 | 23.78 | OK | |||
r-devel-windows-ix86+x86_64 | 0.3.0 | 4.00 | 41.00 | 45.00 | OK | |
r-patched-linux-x86_64 | 0.3.0 | 0.72 | 18.94 | 19.66 | OK | |
r-patched-solaris-x86 | 0.3.0 | 38.40 | OK | |||
r-release-linux-x86_64 | 0.3.0 | 0.69 | 19.71 | 20.40 | OK | |
r-release-windows-ix86+x86_64 | 0.3.0 | 5.00 | 53.00 | 58.00 | OK | |
r-release-osx-x86_64 | 0.3.0 | ERROR | ||||
r-oldrel-windows-ix86+x86_64 | 0.3.0 | 4.00 | 39.00 | 43.00 | OK | |
r-oldrel-osx-x86_64 | 0.3.0 | OK |
Version: 0.3.0
Check: examples
Result: ERROR
Running examples in ‘viridisLite-Ex.R’ failed
The error most likely occurred in:
> ### Name: viridis
> ### Title: Matplotlib 'viridis' and 'cividis' color map
> ### Aliases: viridis viridisMap magma inferno plasma cividis
>
> ### ** Examples
>
> library(ggplot2)
Warning: S3 methods ‘.DollarNames.C++Object’, ‘.DollarNames.Module’, ‘print.bytes’, ‘format.Rcpp_stack_trace’, ‘str.Rcpp_stack_trace’, ‘print.Rcpp_stack_trace’ were declared in NAMESPACE but not found
Error: package or namespace load failed for ‘ggplot2’ in library.dynam(lib, package, package.lib):
shared object ‘Rcpp.so’ not found
Execution halted
Flavor: r-release-osx-x86_64