CRAN Package Check Results for Package visdat

Last updated on 2018-11-24 00:51:30 CET.

Flavor Version Tinstall Tcheck Ttotal Status Flags
r-devel-linux-x86_64-debian-clang 0.5.1 1.78 73.01 74.79 ERROR
r-devel-linux-x86_64-debian-gcc 0.5.1 1.75 54.90 56.65 ERROR
r-devel-linux-x86_64-fedora-clang 0.5.1 59.18 ERROR
r-devel-linux-x86_64-fedora-gcc 0.5.1 58.94 ERROR
r-devel-windows-ix86+x86_64 0.5.1 8.00 117.00 125.00 OK
r-patched-linux-x86_64 0.5.1 1.16 69.07 70.23 ERROR
r-patched-solaris-x86 0.5.1 122.30 ERROR
r-release-linux-x86_64 0.5.1 1.23 70.17 71.40 ERROR
r-release-windows-ix86+x86_64 0.5.1 8.00 125.00 133.00 OK
r-release-osx-x86_64 0.5.1 NOTE
r-oldrel-windows-ix86+x86_64 0.5.1 7.00 129.00 136.00 ERROR
r-oldrel-osx-x86_64 0.5.1 NOTE

Check Details

Version: 0.5.1
Check: tests
Result: ERROR
     Running ‘testthat.R’ [31s/33s]
    Running the tests in ‘tests/testthat.R’ failed.
    Complete output:
     > library(testthat)
     > library(visdat)
     >
     > test_check("visdat")
     ── 1. Failure: guess_element correctly identifies individual elements (@test-gue
     visdat:::guess_type("10") not equal to "integer".
     1/1 mismatches
     x[1]: "double"
     y[1]: "integer"
    
     ── 2. Failure: guess_element correctly identifies individual elements (@test-gue
     visdat:::guess_type(10) not equal to "integer".
     1/1 mismatches
     x[1]: "double"
     y[1]: "integer"
    
     3.1.0FreeType version: 2.8.1
     nrows = 1000 ncols = 1000══ testthat results ═══════════════════════════════════════════════════════════
     OK: 28 SKIPPED: 10 FAILED: 2
     1. Failure: guess_element correctly identifies individual elements (@test-guess-type.R#9)
     2. Failure: guess_element correctly identifies individual elements (@test-guess-type.R#10)
    
     Error: testthat unit tests failed
     Execution halted
Flavor: r-devel-linux-x86_64-debian-clang

Version: 0.5.1
Check: tests
Result: ERROR
     Running ‘testthat.R’ [22s/31s]
    Running the tests in ‘tests/testthat.R’ failed.
    Complete output:
     > library(testthat)
     > library(visdat)
     >
     > test_check("visdat")
     ── 1. Failure: guess_element correctly identifies individual elements (@test-gue
     visdat:::guess_type("10") not equal to "integer".
     1/1 mismatches
     x[1]: "double"
     y[1]: "integer"
    
     ── 2. Failure: guess_element correctly identifies individual elements (@test-gue
     visdat:::guess_type(10) not equal to "integer".
     1/1 mismatches
     x[1]: "double"
     y[1]: "integer"
    
     3.1.0FreeType version: 2.8.1
     nrows = 1000 ncols = 1000══ testthat results ═══════════════════════════════════════════════════════════
     OK: 28 SKIPPED: 10 FAILED: 2
     1. Failure: guess_element correctly identifies individual elements (@test-guess-type.R#9)
     2. Failure: guess_element correctly identifies individual elements (@test-guess-type.R#10)
    
     Error: testthat unit tests failed
     Execution halted
Flavor: r-devel-linux-x86_64-debian-gcc

Version: 0.5.1
Check: dependencies in R code
Result: NOTE
    Namespaces in Imports field not imported from:
     ‘plotly’ ‘rlang’
     All declared Imports should be used.
Flavors: r-devel-linux-x86_64-fedora-clang, r-devel-linux-x86_64-fedora-gcc, r-patched-solaris-x86, r-release-osx-x86_64, r-oldrel-osx-x86_64

Version: 0.5.1
Check: tests
Result: ERROR
     Running ‘testthat.R’ [22s/22s]
    Running the tests in ‘tests/testthat.R’ failed.
    Complete output:
     > library(testthat)
     > library(visdat)
     >
     > test_check("visdat")
     ── 1. Failure: guess_element correctly identifies individual elements (@test-gue
     visdat:::guess_type("10") not equal to "integer".
     1/1 mismatches
     x[1]: "double"
     y[1]: "integer"
    
     ── 2. Failure: guess_element correctly identifies individual elements (@test-gue
     visdat:::guess_type(10) not equal to "integer".
     1/1 mismatches
     x[1]: "double"
     y[1]: "integer"
    
     3.1.0FreeType version: 2.8.0
     nrows = 1000 ncols = 1000══ testthat results ═══════════════════════════════════════════════════════════
     OK: 28 SKIPPED: 10 FAILED: 2
     1. Failure: guess_element correctly identifies individual elements (@test-guess-type.R#9)
     2. Failure: guess_element correctly identifies individual elements (@test-guess-type.R#10)
    
     Error: testthat unit tests failed
     Execution halted
Flavor: r-devel-linux-x86_64-fedora-clang

Version: 0.5.1
Check: tests
Result: ERROR
     Running ‘testthat.R’ [21s/21s]
    Running the tests in ‘tests/testthat.R’ failed.
    Complete output:
     > library(testthat)
     > library(visdat)
     >
     > test_check("visdat")
     ── 1. Failure: guess_element correctly identifies individual elements (@test-gue
     visdat:::guess_type("10") not equal to "integer".
     1/1 mismatches
     x[1]: "double"
     y[1]: "integer"
    
     ── 2. Failure: guess_element correctly identifies individual elements (@test-gue
     visdat:::guess_type(10) not equal to "integer".
     1/1 mismatches
     x[1]: "double"
     y[1]: "integer"
    
     3.1.0FreeType version: 2.8.0
     nrows = 1000 ncols = 1000══ testthat results ═══════════════════════════════════════════════════════════
     OK: 28 SKIPPED: 10 FAILED: 2
     1. Failure: guess_element correctly identifies individual elements (@test-guess-type.R#9)
     2. Failure: guess_element correctly identifies individual elements (@test-guess-type.R#10)
    
     Error: testthat unit tests failed
     Execution halted
Flavor: r-devel-linux-x86_64-fedora-gcc

Version: 0.5.1
Check: tests
Result: ERROR
     Running ‘testthat.R’ [29s/33s]
    Running the tests in ‘tests/testthat.R’ failed.
    Complete output:
     > library(testthat)
     > library(visdat)
     >
     > test_check("visdat")
     ── 1. Failure: guess_element correctly identifies individual elements (@test-gue
     visdat:::guess_type("10") not equal to "integer".
     1/1 mismatches
     x[1]: "double"
     y[1]: "integer"
    
     ── 2. Failure: guess_element correctly identifies individual elements (@test-gue
     visdat:::guess_type(10) not equal to "integer".
     1/1 mismatches
     x[1]: "double"
     y[1]: "integer"
    
     3.1.0FreeType version: 2.8.1
     nrows = 1000 ncols = 1000══ testthat results ═══════════════════════════════════════════════════════════
     OK: 28 SKIPPED: 10 FAILED: 2
     1. Failure: guess_element correctly identifies individual elements (@test-guess-type.R#9)
     2. Failure: guess_element correctly identifies individual elements (@test-guess-type.R#10)
    
     Error: testthat unit tests failed
     Execution halted
Flavor: r-patched-linux-x86_64

Version: 0.5.1
Check: tests
Result: ERROR
     Running ‘testthat.R’ [54s/55s]
    Running the tests in ‘tests/testthat.R’ failed.
    Complete output:
     > library(testthat)
     > library(visdat)
     >
     > test_check("visdat")
     ── 1. Failure: guess_element correctly identifies individual elements (@test-gue
     visdat:::guess_type("10") not equal to "integer".
     1/1 mismatches
     x[1]: "double"
     y[1]: "integer"
    
     ── 2. Failure: guess_element correctly identifies individual elements (@test-gue
     visdat:::guess_type(10) not equal to "integer".
     1/1 mismatches
     x[1]: "double"
     y[1]: "integer"
    
     3.1.0FreeType version: 2.7.1
     nrows = 1000 ncols = 1000══ testthat results ═══════════════════════════════════════════════════════════
     OK: 28 SKIPPED: 10 FAILED: 2
     1. Failure: guess_element correctly identifies individual elements (@test-guess-type.R#9)
     2. Failure: guess_element correctly identifies individual elements (@test-guess-type.R#10)
    
     Error: testthat unit tests failed
     Execution halted
Flavor: r-patched-solaris-x86

Version: 0.5.1
Check: tests
Result: ERROR
     Running ‘testthat.R’ [30s/33s]
    Running the tests in ‘tests/testthat.R’ failed.
    Complete output:
     > library(testthat)
     > library(visdat)
     >
     > test_check("visdat")
     ── 1. Failure: guess_element correctly identifies individual elements (@test-gue
     visdat:::guess_type("10") not equal to "integer".
     1/1 mismatches
     x[1]: "double"
     y[1]: "integer"
    
     ── 2. Failure: guess_element correctly identifies individual elements (@test-gue
     visdat:::guess_type(10) not equal to "integer".
     1/1 mismatches
     x[1]: "double"
     y[1]: "integer"
    
     3.1.0FreeType version: 2.8.1
     nrows = 1000 ncols = 1000══ testthat results ═══════════════════════════════════════════════════════════
     OK: 28 SKIPPED: 10 FAILED: 2
     1. Failure: guess_element correctly identifies individual elements (@test-guess-type.R#9)
     2. Failure: guess_element correctly identifies individual elements (@test-guess-type.R#10)
    
     Error: testthat unit tests failed
     Execution halted
Flavor: r-release-linux-x86_64

Version: 0.5.1
Check: tests
Result: ERROR
     Running 'testthat.R' [37s]
    Running the tests in 'tests/testthat.R' failed.
    Complete output:
     > library(testthat)
     > library(visdat)
     >
     > test_check("visdat")
     -- 1. Failure: guess_element correctly identifies individual elements (@test-gue
     visdat:::guess_type("10") not equal to "integer".
     1/1 mismatches
     x[1]: "double"
     y[1]: "integer"
    
     -- 2. Failure: guess_element correctly identifies individual elements (@test-gue
     visdat:::guess_type(10) not equal to "integer".
     1/1 mismatches
     x[1]: "double"
     y[1]: "integer"
    
     3.1.0FreeType version: 2.6.0
     nrows = 1000 ncols = 1000== testthat results ===========================================================
     OK: 28 SKIPPED: 10 FAILED: 2
     1. Failure: guess_element correctly identifies individual elements (@test-guess-type.R#9)
     2. Failure: guess_element correctly identifies individual elements (@test-guess-type.R#10)
    
     Error: testthat unit tests failed
     Execution halted
Flavor: r-oldrel-windows-ix86+x86_64