CRAN Package Check Results for Package vlad

Last updated on 2018-11-24 00:51:30 CET.

Flavor Version Tinstall Tcheck Ttotal Status Flags
r-devel-linux-x86_64-debian-clang 0.1.0 33.19 31.21 64.40 NOTE
r-devel-linux-x86_64-debian-gcc 0.1.0 31.88 25.07 56.95 NOTE
r-devel-linux-x86_64-fedora-clang 0.1.0 89.04 NOTE
r-devel-linux-x86_64-fedora-gcc 0.1.0 87.76 NOTE
r-devel-windows-ix86+x86_64 0.1.0 95.00 80.00 175.00 OK
r-patched-linux-x86_64 0.1.0 39.87 28.97 68.84 OK
r-patched-solaris-x86 0.1.0 104.60 OK
r-release-linux-x86_64 0.1.0 36.60 29.50 66.10 OK
r-release-windows-ix86+x86_64 0.1.0 97.00 83.00 180.00 OK
r-release-osx-x86_64 0.1.0 OK
r-oldrel-windows-ix86+x86_64 0.1.0 108.00 85.00 193.00 OK
r-oldrel-osx-x86_64 0.1.0 OK

Check Details

Version: 0.1.0
Check: use of SHLIB_OPENMP_*FLAGS in Makefiles
Result: NOTE
     src/Makevars: SHLIB_OPENMP_CXXFLAGS is included in PKG_CXXFLAGS but not in PKG_LIBS
     src/Makevars: SHLIB_OPENMP_CFLAGS is included in PKG_LIBS but not in PKG_CFLAGS
     src/Makevars.win: SHLIB_OPENMP_CXXFLAGS is included in PKG_CXXFLAGS but not in PKG_LIBS
     src/Makevars.win: SHLIB_OPENMP_CFLAGS is included in PKG_LIBS but not in PKG_CFLAGS
    Use of these macros is discussed in sect 1.2.1.1 of ‘Writing R
    Extensions’. The macros for different languages may differ so the
    matching macro must be used in PKG_CXXFLAGS (etc) and match that used
    in PKG_LIBS (except for F77: see the manual).
Flavors: r-devel-linux-x86_64-debian-clang, r-devel-linux-x86_64-debian-gcc, r-devel-linux-x86_64-fedora-clang, r-devel-linux-x86_64-fedora-gcc