CRAN Package Check Results for Package vmsbase

Last updated on 2018-11-24 00:51:30 CET.

Flavor Version Tinstall Tcheck Ttotal Status Flags
r-devel-linux-x86_64-debian-clang 2.1.3 27.66 172.10 199.76 OK
r-devel-linux-x86_64-debian-gcc 2.1.3 22.33 137.13 159.46 OK
r-devel-linux-x86_64-fedora-clang 2.1.3 232.72 OK
r-devel-linux-x86_64-fedora-gcc 2.1.3 230.69 OK
r-devel-windows-ix86+x86_64 2.1.3 51.00 241.00 292.00 OK
r-patched-linux-x86_64 2.1.3 28.45 166.34 194.79 OK
r-patched-solaris-x86 2.1.3 367.00 OK
r-release-linux-x86_64 2.1.3 30.17 166.81 196.98 OK
r-release-windows-ix86+x86_64 2.1.3 62.00 263.00 325.00 OK
r-release-osx-x86_64 2.1.3 ERROR
r-oldrel-windows-ix86+x86_64 2.1.3 44.00 252.00 296.00 OK
r-oldrel-osx-x86_64 2.1.3 ERROR

Check Details

Version: 2.1.3
Check: package dependencies
Result: ERROR
    Packages required but not available: ‘cairoDevice’ ‘gWidgetsRGtk2’
    
    See section ‘The DESCRIPTION file’ in the ‘Writing R Extensions’
    manual.
Flavors: r-release-osx-x86_64, r-oldrel-osx-x86_64