CRAN Package Check Results for Package weathercan

Last updated on 2018-11-24 00:51:30 CET.

Flavor Version Tinstall Tcheck Ttotal Status Flags
r-devel-linux-x86_64-debian-clang 0.2.8 3.89 150.74 154.63 OK
r-devel-linux-x86_64-debian-gcc 0.2.8 3.78 112.76 116.54 OK
r-devel-linux-x86_64-fedora-clang 0.2.8 179.17 NOTE
r-devel-linux-x86_64-fedora-gcc 0.2.8 177.12 NOTE
r-devel-windows-ix86+x86_64 0.2.8 9.00 261.00 270.00 OK
r-patched-linux-x86_64 0.2.8 3.80 128.33 132.13 OK
r-patched-solaris-x86 0.2.8 216.40 NOTE
r-release-linux-x86_64 0.2.8 5.16 130.66 135.82 OK
r-release-windows-ix86+x86_64 0.2.8 12.00 257.00 269.00 OK
r-release-osx-x86_64 0.2.8 NOTE
r-oldrel-windows-ix86+x86_64 0.2.8 11.00 269.00 280.00 OK
r-oldrel-osx-x86_64 0.2.8 NOTE

Check Details

Version: 0.2.8
Check: dependencies in R code
Result: NOTE
    Namespace in Imports field not imported from: ‘xml2’
     All declared Imports should be used.
Flavors: r-devel-linux-x86_64-fedora-clang, r-devel-linux-x86_64-fedora-gcc, r-patched-solaris-x86, r-release-osx-x86_64, r-oldrel-osx-x86_64

Version: 0.2.8
Check: data for non-ASCII characters
Result: NOTE
     Note: found 25 marked UTF-8 strings
Flavors: r-devel-linux-x86_64-fedora-clang, r-devel-linux-x86_64-fedora-gcc, r-patched-solaris-x86, r-release-osx-x86_64, r-oldrel-osx-x86_64