Last updated on 2018-11-24 00:51:30 CET.
Flavor | Version | Tinstall | Tcheck | Ttotal | Status | Flags |
---|---|---|---|---|---|---|
r-devel-linux-x86_64-debian-clang | 0.4.0 | 4.31 | 40.88 | 45.19 | OK | |
r-devel-linux-x86_64-debian-gcc | 0.4.0 | 2.87 | 32.50 | 35.37 | OK | |
r-devel-linux-x86_64-fedora-clang | 0.4.0 | 52.04 | OK | |||
r-devel-linux-x86_64-fedora-gcc | 0.4.0 | 51.16 | OK | |||
r-devel-windows-ix86+x86_64 | 0.4.0 | 8.00 | 85.00 | 93.00 | OK | |
r-patched-linux-x86_64 | 0.4.0 | 2.96 | 39.00 | 41.96 | OK | |
r-patched-solaris-x86 | 0.4.0 | 77.90 | NOTE | |||
r-release-linux-x86_64 | 0.4.0 | 4.04 | 39.09 | 43.13 | OK | |
r-release-windows-ix86+x86_64 | 0.4.0 | 11.00 | 74.00 | 85.00 | OK | |
r-release-osx-x86_64 | 0.4.0 | OK | ||||
r-oldrel-windows-ix86+x86_64 | 0.4.0 | 8.00 | 73.00 | 81.00 | OK | |
r-oldrel-osx-x86_64 | 0.4.0 | OK |
Version: 0.4.0
Check: package dependencies
Result: NOTE
Package suggested but not available for checking: ‘rcdk’
Flavor: r-patched-solaris-x86