CRAN Package Check Results for Package wicket

Last updated on 2018-11-24 00:51:30 CET.

Flavor Version Tinstall Tcheck Ttotal Status Flags
r-devel-linux-x86_64-debian-clang 0.4.0 135.81 25.11 160.92 OK
r-devel-linux-x86_64-debian-gcc 0.4.0 112.59 20.98 133.57 OK
r-devel-linux-x86_64-fedora-clang 0.4.0 245.62 NOTE
r-devel-linux-x86_64-fedora-gcc 0.4.0 211.94 OK
r-devel-windows-ix86+x86_64 0.4.0 359.00 83.00 442.00 OK
r-patched-linux-x86_64 0.4.0 142.92 23.82 166.74 OK
r-patched-solaris-x86 0.4.0 212.70 OK
r-release-linux-x86_64 0.4.0 141.06 24.30 165.36 OK
r-release-windows-ix86+x86_64 0.4.0 346.00 81.00 427.00 OK
r-release-osx-x86_64 0.4.0 NOTE
r-oldrel-windows-ix86+x86_64 0.4.0 365.00 79.00 444.00 OK
r-oldrel-osx-x86_64 0.4.0 NOTE

Check Details

Version: 0.4.0
Check: installed package size
Result: NOTE
     installed size is 17.0Mb
     sub-directories of 1Mb or more:
     libs 16.8Mb
Flavors: r-devel-linux-x86_64-fedora-clang, r-release-osx-x86_64, r-oldrel-osx-x86_64