Last updated on 2018-11-24 00:51:31 CET.
Flavor | Version | Tinstall | Tcheck | Ttotal | Status | Flags |
---|---|---|---|---|---|---|
r-devel-linux-x86_64-debian-clang | 1.7.17 | 73.42 | 39.18 | 112.60 | OK | |
r-devel-linux-x86_64-debian-gcc | 1.7.17 | 64.11 | 31.91 | 96.02 | OK | |
r-devel-linux-x86_64-fedora-clang | 1.7.17 | 159.05 | NOTE | |||
r-devel-linux-x86_64-fedora-gcc | 1.7.17 | 144.62 | OK | |||
r-devel-windows-ix86+x86_64 | 1.7.17 | 211.00 | 108.00 | 319.00 | OK | |
r-patched-linux-x86_64 | 1.7.17 | 76.97 | 37.47 | 114.44 | OK | |
r-patched-solaris-x86 | 1.7.17 | 167.50 | OK | |||
r-release-linux-x86_64 | 1.7.17 | 73.78 | 37.22 | 111.00 | OK | |
r-release-windows-ix86+x86_64 | 1.7.17 | 220.00 | 109.00 | 329.00 | OK | |
r-release-osx-x86_64 | 1.7.17 | OK | ||||
r-oldrel-windows-ix86+x86_64 | 1.7.17 | 211.00 | 108.00 | 319.00 | OK | |
r-oldrel-osx-x86_64 | 1.7.17 | OK |
Version: 1.7.17
Check: installed package size
Result: NOTE
installed size is 5.3Mb
sub-directories of 1Mb or more:
libs 5.1Mb
Flavor: r-devel-linux-x86_64-fedora-clang