CRAN Package Check Results for Package xlm

Last updated on 2018-11-24 00:51:31 CET.

Flavor Version Tinstall Tcheck Ttotal Status Flags
r-devel-linux-x86_64-debian-clang 0.1.1 5.08 32.27 37.35 OK
r-devel-linux-x86_64-debian-gcc 0.1.1 4.00 26.19 30.19 OK
r-devel-linux-x86_64-fedora-clang 0.1.1 42.53 NOTE
r-devel-linux-x86_64-fedora-gcc 0.1.1 40.73 NOTE
r-devel-windows-ix86+x86_64 0.1.1 8.00 117.00 125.00 OK
r-patched-linux-x86_64 0.1.1 3.58 30.87 34.45 OK
r-patched-solaris-x86 0.1.1 64.20 NOTE
r-release-linux-x86_64 0.1.1 4.05 30.97 35.02 OK
r-release-windows-ix86+x86_64 0.1.1 9.00 98.00 107.00 OK
r-release-osx-x86_64 0.1.1 NOTE
r-oldrel-windows-ix86+x86_64 0.1.1 6.00 98.00 104.00 OK
r-oldrel-osx-x86_64 0.1.1 NOTE

Check Details

Version: 0.1.1
Check: dependencies in R code
Result: NOTE
    Namespaces in Imports field not imported from:
     ‘methods’ ‘stats’
     All declared Imports should be used.
Flavors: r-devel-linux-x86_64-fedora-clang, r-devel-linux-x86_64-fedora-gcc, r-patched-solaris-x86, r-release-osx-x86_64, r-oldrel-osx-x86_64